{"id":116,"date":"2017-04-09T19:38:14","date_gmt":"2017-04-09T17:38:14","guid":{"rendered":"http:\/\/laparenthese-banon.com\/GITE\/?page_id=116"},"modified":"2017-05-04T17:20:40","modified_gmt":"2017-05-04T15:20:40","slug":"groupes-et-stages","status":"publish","type":"page","link":"https:\/\/laparenthese-banon.com\/GITE\/la-maison-d-hotes\/groupes-et-stages\/","title":{"rendered":"Groupes et STAGES"},"content":{"rendered":"<blockquote><p>Un ensemble de dispositions est pr\u00e9vu pour l&rsquo;accueil des groupes et des stages :<\/p>\n<p style=\"text-align: left; padding-left: 30px;\">&gt; Une grande salle de r\u00e9union ou d&rsquo;activit\u00e9\u00a0(Gym, Yoga, &#8230;),<br \/>\n&gt; Des facilit\u00e9s logistiques,<br \/>\n&gt; Des Tarifs adapt\u00e9s,<br \/>\n&gt; Une formule Demi-pension optionnelle,<br \/>\n&gt; Des Service\u00a0sp\u00e9cifiques,<br \/>\n&#8230; sans oublier le sauna, et les autres services de La Parenth\u00e8se.<\/p>\n<\/blockquote>\n<h3>Une OFFRE\u00a0<strong>SP\u00c9CIFIQUE<\/strong><\/h3>\n<p>L&rsquo;h\u00e9bergement\u00a0des groupes (r\u00e9unions, stages, &#8230;) est facilit\u00e9 par la facult\u00e9 de configurer les couchages en lit double ou lits jumeaux, ainsi que par les grands espaces communs mis \u00e0 disposition des participants.<\/p>\n<p>&gt; 5 chambres de 2, 3 ou 4 personnes (<a href=\"https:\/\/laparenthese-banon.com\/GITE\/les-chambres\/\">tous les d\u00e9tails ICI<\/a>).<\/p>\n<h4>La salle d&rsquo;activit\u00e9 et de bien \u00eatre<\/h4>\n<blockquote><p>En rez de chemin, un ensemble de deux salles est d\u00e9di\u00e9 aux activit\u00e9s et \u00e0 la d\u00e9tente :<\/p><\/blockquote>\n<ul>\n<li>\u2192 \u00a0Une salle d&rsquo;activit\u00e9 et de d\u00e9tente (\u00e9galement salle TV),<\/li>\n<li>\u2192 \u00a0Une salle de bien-\u00eatre avec <strong>sauna<\/strong>.<\/li>\n<\/ul>\n<pre><strong><span style=\"color: #003366;\"><em>Accueil de groupes et de stages : la salle en rez-de-jardin peut \u00eatre facilement configur\u00e9e pour constituer une grande salle de r\u00e9union ou d'activit\u00e9 (ex. yoga).<\/em><\/span><\/strong><\/pre>\n<p>La salle d&rsquo;activit\u00e9 et de d\u00e9tente est <strong>une grande salle de 52 m\u00b2<\/strong> am\u00e9nag\u00e9e en petit salon, biblioth\u00e8que et coin TV. Cette disposition peut \u00eatre tr\u00e8s facilement modifi\u00e9e pour d\u00e9gager un vaste espace d\u00e9di\u00e9 aux activit\u00e9s de groupe, par exemple r\u00e9unions de travail, stage de yoga, r\u00e9p\u00e9titions de chorale, &#8230;<\/p>\n<p>Salle de commodit\u00e9s adjacente de 27 m\u00b2 (salle d&rsquo;eau, toilettes, sauna, &#8230;).<\/p>\n<p>La salle met \u00e0 disposition des h\u00f4tes des jeux de soci\u00e9t\u00e9 et de plein air (boules de p\u00e9tanque, ping-pong, slakeline, raquettes de tennis (tennis municipal au village), &#8230;<\/p>\n<p>Des tapis de yoga\/gymnastique sont \u00e0 disposition des h\u00f4tes.<\/p>\n<p>Le coin TV propose de confortables canap\u00e9s, un t\u00e9l\u00e9vision \u00e9cran de 107 cm, DVD.<\/p>\n<p>Cette salle est \u00e9galement adapt\u00e9e aux r\u00e9ceptions et aux f\u00eates (salle de danse).<\/p>\n<pre><strong><span style=\"color: #003366;\"><em>Accol\u00e9e \u00e0 la salle de bien \u00eatre, la salle d'activit\u00e9 \/ r\u00e9union dispose ainsi de toilettes et lavabos.<\/em><\/span><\/strong><\/pre>\n<p>&nbsp;<\/p>\n<h4>Les services associ\u00e9s<\/h4>\n<p>&gt; Pour les r\u00e9unions : la mise \u00e0 disposition, en salle de r\u00e9union ou d&rsquo;activit\u00e9, de tables et de chaises. Les murs blancs permettent la projection.<br \/>\n&gt; Sur demande,\u00a0Service de pause caf\u00e9.<\/p>\n<p>&gt; <strong>Demi-pension possible<\/strong> sur commande, 6 \u00e0 12 personnes, ou utilisation de la <strong><a href=\"https:\/\/laparenthese-banon.com\/GITE\/la-maison-d-hotes\/cuisine-a-partager\/\">grande cuisine en gestion libre<\/a><\/strong>,<\/p>\n<blockquote><p>Des <strong>tarifs adapt\u00e9s<\/strong> : la privatisation de la maison est facilement r\u00e9alis\u00e9e, et \u00e0 moindre co\u00fbt, \u00e0 partir de 10 personnes (ex. 2 personnes \/ chambre). Devis sur demande (sur la page <strong><a href=\"http:\/\/laparenthese-banon.com\/GITE\/contact\/\">CONTACT<\/a><\/strong>, ou r\u00e9servation directe <strong><a href=\"https:\/\/via.eviivo.com\/LaPBanon04\" target=\"_blank\" rel=\"noopener noreferrer\">ICI<\/a><\/strong>).<\/p><\/blockquote>\n<p>Voir aussi <strong><a href=\"http:\/\/laparenthese-banon.com\/GITE\/la-maison-d-hotes\/\">ICI la pr\u00e9sentation de la maison d&rsquo;h\u00f4tes<\/a><\/strong>.<\/p>\n<p>&nbsp;<\/p>\n<style type='text\/css'>\r\n\t\t\t\r\n\t\t\t\t\t\r\n\t\t\t\r\n\t\t\t\t\r\n\t\t\t\t\r\n\t\t\t#espaces-a-vivrepjc .frs-wrapper .frs-caption {\r\n\t\t\t\tdisplay:none;\r\n\t\t\t}\r\n\t\t\t#espaces-a-vivrepjc-slideshow .frs-caption h4, #espaces-a-vivrepjc-slideshow .frs-caption-inner h4{\r\n\t\t\t\tfont-size:18px;\r\n\t\t\t    margin:0px;\t\t\r\n\t\t\t}\r\n\t\t\t#espaces-a-vivrepjc-slideshow .frs-caption p, #espaces-a-vivrepjc-slideshow .frs-caption-inner p{\r\n\t\t\t    margin:0px;\t\t\r\n\t\t\t    font-size:12px;\r\n\t\t\t}\r\n\t\t\t.frs-slideshow-container span.frs-caption {\r\n\t\t\t\theight: 0px !important;\r\n\t\t\t\tposition: absolute;\r\n\t\t\t}\r\n\t\t\t.frs-caption-content div h1, .frs-caption-content div h2, .frs-caption-content div h3, .frs-caption-content div h4, .frs-caption-content div p {\r\n\t\t\t\tcolor: inherit !important;\r\n\t\t\t\ttext-align: inherit !important;\r\n\t\t\t\tline-height: 1.5;\r\n\t\t\t}\r\n\t\t\t\r\n\t\t<\/style><link rel='stylesheet' href='https:\/\/laparenthese-banon.com\/GITE\/wp-content\/plugins\/fluid-responsive-slideshow\/buttons\/frs-buttonskin-white.css' type='text\/css'><style>.frs-slideshow-container#espaces-a-vivrepjc {\r\n\tmargin-top: 20px;\r\n\tmargin-bottom: 60px;\r\n}<\/style><!-- Slideshow generated using Fluid-Responsive-Slideshow, https:\/\/www.tonjoostudio.com\/addons\/fluid-responsive-slideshow\/ -->\r\n\t\t<script type='text\/javascript'>\r\n\t\t\tjQuery(document).ready(function($) {\r\n\t\t\t\t$('#espaces-a-vivrepjc').frs({\r\n\t\t\t\t\tanimation : 'fade', \/\/ horizontal-slide, vertical-slide, fade\r\n\t\t\t\t\tanimationSpeed :  800, \/\/ how fast animtions are\r\n\t\t\t\t\ttimer :  true, \/\/ true or false to have the timer\r\n\t\t\t\t\tadvanceSpeed :   3000, \/\/ if timer is enabled, time between transitions\r\n\t\t\t\t\tpauseOnHover : true, \/\/ if you hover pauses the slider\r\n\t\t\t\t\tstartClockOnMouseOut :  true, \/\/ if clock should start on MouseOut\r\n\t\t\t\t\tstartClockOnMouseOutAfter :  800, \/\/ how long after MouseOut should the timer start again\r\n\t\t\t\t\tdirectionalNav : true, \/\/ manual advancing directional navs\r\n\t\t\t\t\tcaptions : true, \/\/ do you want captions?\r\n\t\t\t\t\tcaptionAnimation : 'fade', \/\/ fade, slideOpen, none\r\n\t\t\t\t\tcaptionAnimationSpeed : 800, \/\/ if so how quickly should they animate in\r\n\t\t\t\t\tbullets :  true, \/\/ true or false to activate the bullet navigation\r\n\t\t\t\t\tbulletThumbs : true, \/\/ thumbnails for the bullets\r\n\t\t\t\t\tbulletThumbLocation : '', \/\/ location from this file where thumbs will be\r\n\t\t\t\t\tnavigationSmallTreshold:  false,\r\n\t\t\t\t\tnavigationSmall: 600,\r\n\t\t\t\t\tskinClass: 'frs-skin-elegant',\r\n\t\t\t\t\twidth: 1236,\r\n\t\t\t\t\theight: 824,\r\n\t\t\t\t\tfullWidth: true,\r\n\t\t\t\t\tminHeight: 300,\r\n\t\t\t\t\tmaxHeight: 0,\r\n\t\t\t\t\tsbullets: false,\r\n\t\t\t\t\tsbulletsItemWidth: 200,\r\n\t\t\t\t\tcontinousSliding: false,\r\n\t\t\t\t\tjsOnly: false\r\n\t\t\t\t});\t\t\r\n\t\t\t\t\t\t\r\n\t\t\t\t\/**\r\n\t\t\t\t * touchSwipe\r\n\t\t\t\t *\/\r\n\t\t\t\t$('#espaces-a-vivrepjc-slideshow .frs-slide-img').swipe( \r\n\t\t\t\t{\r\n\t\t\t        swipeLeft:function(event, direction, distance, duration, fingerCount) {\r\n\t\t\t\t\t\t$('#espaces-a-vivrepjc-slideshow .frs-slider-nav .frs-arrow-right').click();\t\t\t\t\t\t\r\n\t\t\t\t\t},\r\n\r\n\t\t\t\t\tswipeRight:function(event, direction, distance, duration, fingerCount) {\r\n\t\t\t\t\t\t$('#espaces-a-vivrepjc-slideshow .frs-slider-nav .frs-arrow-left').click();\r\n\t\t\t\t\t},\r\n\r\n\t\t\t        triggerOnTouchLeave:true\r\n\t\t\t    });\r\n\t\t\t})\t\t\r\n\t\t<\/script>\r\n\t\t<!--[if lt IE 9]>\r\n\t\t\t<style type='text\/css'>\r\n\t\t\t#espaces-a-vivrepjc-slideshow .frs-timer { display: none !important; }\r\n\t\t\t#espaces-a-vivrepjc-slideshow div.caption { background:transparent; filter:progid:DXImageTransform.Microsoft.gradient(startColorstr=#99000000,endColorstr=#99000000);zoom: 1; }\r\n\t\t\t<\/style>\r\n\t\t<![endif]--><div class='frs-slideshow-container' id='espaces-a-vivrepjc'><div class='frs-slide-img-wrapper' style='display:none;'><div class='frs-slide-img' style = 'display:none;background:#000000' ><img alt='La salle d'activit\u00e9' src='https:\/\/laparenthese-banon.com\/GITE\/wp-content\/uploads\/2017\/04\/Page_Espaces_A.jpg' \/><div class='frs-caption frs-caption-position-sticky-bottom' style='display: block;' id='captionespaces-a-vivrepjc'><div class='frs-caption-outer' style='height:100%;width:100%;display:table;'><div class='frs-caption-inner' style='text-align:left; height:100%;display:table-cell;'><div class='frs-caption-content' style='width: 33.333333333333%; background: url(\"https:\/\/laparenthese-banon.com\/GITE\/wp-content\/plugins\/fluid-responsive-slideshow\/backgrounds\/black.png\") repeat scroll 0% 0% transparent !important; padding:25px 25px 60px 25px;'><h4 style='text-align:left; color:#ffffff;'>La salle d'activit\u00e9<\/h4><div style='text-align:left; color:#ffffff;'><\/div><\/div><\/div><\/div><\/div><\/div><div class='frs-slide-img' style = 'display:none;background:#000000' ><img alt='Coin salon TV' src='https:\/\/laparenthese-banon.com\/GITE\/wp-content\/uploads\/2017\/04\/Page_Espaces_E.jpg' \/><div class='frs-caption frs-caption-position-sticky-bottom' style='display: block;' id='captionespaces-a-vivrepjc'><div class='frs-caption-outer' style='height:100%;width:100%;display:table;'><div class='frs-caption-inner' style='text-align:left; height:100%;display:table-cell;'><div class='frs-caption-content' style='width: 33.333333333333%; background: url(\"https:\/\/laparenthese-banon.com\/GITE\/wp-content\/plugins\/fluid-responsive-slideshow\/backgrounds\/black.png\") repeat scroll 0% 0% transparent !important; padding:25px 25px 60px 25px;'><h4 style='text-align:left; color:#ffffff;'>Coin salon TV<\/h4><div style='text-align:left; color:#ffffff;'><\/div><\/div><\/div><\/div><\/div><\/div><div class='frs-slide-img' style = 'display:none;background:#000000' ><img alt='Salle sauna' src='https:\/\/laparenthese-banon.com\/GITE\/wp-content\/uploads\/2017\/04\/Page_Espaces_B.jpg' \/><div class='frs-caption frs-caption-position-sticky-bottom' style='display: block;' id='captionespaces-a-vivrepjc'><div class='frs-caption-outer' style='height:100%;width:100%;display:table;'><div class='frs-caption-inner' style='text-align:left; height:100%;display:table-cell;'><div class='frs-caption-content' style='width: 25%; background: url(\"https:\/\/laparenthese-banon.com\/GITE\/wp-content\/plugins\/fluid-responsive-slideshow\/backgrounds\/black.png\") repeat scroll 0% 0% transparent !important; padding:25px 25px 60px 25px;'><h4 style='text-align:left; color:#ffffff;'>Salle sauna<\/h4><div style='text-align:left; color:#ffffff;'><\/div><\/div><\/div><\/div><\/div><\/div><div class='frs-slide-img' style = 'display:none;background:#000000' ><img alt='Salle d'eau - toilettes' src='https:\/\/laparenthese-banon.com\/GITE\/wp-content\/uploads\/2017\/04\/Page_Espaces_D.jpg' \/><div class='frs-caption frs-caption-position-sticky-top' style='display: block;' id='captionespaces-a-vivrepjc'><div class='frs-caption-outer' style='height:100%;width:100%;display:table;'><div class='frs-caption-inner' style='text-align:left; height:100%;display:table-cell;'><div class='frs-caption-content' style='width: 33.333333333333%; background: url(\"https:\/\/laparenthese-banon.com\/GITE\/wp-content\/plugins\/fluid-responsive-slideshow\/backgrounds\/black.png\") repeat scroll 0% 0% transparent !important; padding:25px;'><h4 style='text-align:left; color:#ffffff;'>Salle d'eau - toilettes<\/h4><div style='text-align:left; color:#ffffff;'><\/div><\/div><\/div><\/div><\/div><\/div><div class='frs-slide-img' style = 'display:none;background:#000000' ><img alt='52 m\u00b2 pour les activit\u00e9s' src='https:\/\/laparenthese-banon.com\/GITE\/wp-content\/uploads\/2017\/04\/Page_Espaces_F.jpg' \/><div class='frs-caption frs-caption-position-sticky-bottom' style='display: block;' id='captionespaces-a-vivrepjc'><div class='frs-caption-outer' style='height:100%;width:100%;display:table;'><div class='frs-caption-inner' style='text-align:left; height:100%;display:table-cell;'><div class='frs-caption-content' style='width: 33.333333333333%; background: url(\"https:\/\/laparenthese-banon.com\/GITE\/wp-content\/plugins\/fluid-responsive-slideshow\/backgrounds\/black.png\") repeat scroll 0% 0% transparent !important; padding:25px 25px 60px 25px;'><h4 style='text-align:left; color:#ffffff;'>52 m\u00b2 pour les activit\u00e9s<\/h4><div style='text-align:left; color:#ffffff;'><\/div><\/div><\/div><\/div><\/div><\/div><div class='frs-slide-img' style = 'display:none;background:#000000' ><img alt='Des biblioth\u00e8ques ...' src='https:\/\/laparenthese-banon.com\/GITE\/wp-content\/uploads\/2017\/04\/Page_Espaces_G.jpg' \/><div class='frs-caption frs-caption-position-sticky-bottom' style='display: block;' id='captionespaces-a-vivrepjc'><div class='frs-caption-outer' style='height:100%;width:100%;display:table;'><div class='frs-caption-inner' style='text-align:left; height:100%;display:table-cell;'><div class='frs-caption-content' style='width: 25%; background: url(\"https:\/\/laparenthese-banon.com\/GITE\/wp-content\/plugins\/fluid-responsive-slideshow\/backgrounds\/black.png\") repeat scroll 0% 0% transparent !important; padding:25px 25px 60px 25px;'><h4 style='text-align:left; color:#ffffff;'>Des biblioth\u00e8ques ...<\/h4><div style='text-align:left; color:#ffffff;'><\/div><\/div><\/div><\/div><\/div><\/div><div class='frs-slide-img' style = 'display:none;background:#000000' ><img alt='Salle de r\u00e9union' src='https:\/\/laparenthese-banon.com\/GITE\/wp-content\/uploads\/2017\/05\/Page_Espaces_H.jpg' \/><div class='frs-caption frs-caption-position-top-right' style='display: block;' id='captionespaces-a-vivrepjc'><div class='frs-caption-outer' style='height:100%;width:100%;display:table;'><div class='frs-caption-inner' style='text-align:left; height:100%;display:table-cell;'><div class='frs-caption-content' style='width: 25%; background: url(\"https:\/\/laparenthese-banon.com\/GITE\/wp-content\/plugins\/fluid-responsive-slideshow\/backgrounds\/black.png\") repeat scroll 0% 0% transparent !important; padding:25px;'><h4 style='text-align:left; color:#ffffff;'>Salle de r\u00e9union<\/h4><div style='text-align:left; color:#ffffff;'><\/div><\/div><\/div><\/div><\/div><\/div><div class='frs-slide-img' style = 'display:none;background:#000000' ><img alt='Gym, Yoga, etc.' src='https:\/\/laparenthese-banon.com\/GITE\/wp-content\/uploads\/2017\/05\/Page_Espaces_I.jpg' \/><div class='frs-caption frs-caption-position-top-right' style='display: block;' id='captionespaces-a-vivrepjc'><div class='frs-caption-outer' style='height:100%;width:100%;display:table;'><div class='frs-caption-inner' style='text-align:left; height:100%;display:table-cell;'><div class='frs-caption-content' style='width: 25%; background: url(\"https:\/\/laparenthese-banon.com\/GITE\/wp-content\/plugins\/fluid-responsive-slideshow\/backgrounds\/black.png\") repeat scroll 0% 0% transparent !important; padding:25px;'><h4 style='text-align:left; color:#ffffff;'>Gym, Yoga, etc.<\/h4><div style='text-align:left; color:#ffffff;'><\/div><\/div><\/div><\/div><\/div><\/div><div class='frs-slide-img' style = 'display:none;background:#000000' ><img alt='La salle en rez-de-chemin' src='https:\/\/laparenthese-banon.com\/GITE\/wp-content\/uploads\/2017\/05\/Page_Espaces_Kgris.jpg' \/><div class='frs-caption frs-caption-position-bottom-right' style='display: block;' id='captionespaces-a-vivrepjc'><div class='frs-caption-outer' style='height:100%;width:100%;display:table;'><div class='frs-caption-inner' style='text-align:left; height:100%;display:table-cell;'><div class='frs-caption-content' style='width: 33.333333333333%; background: url(\"https:\/\/laparenthese-banon.com\/GITE\/wp-content\/plugins\/fluid-responsive-slideshow\/backgrounds\/black.png\") repeat scroll 0% 0% transparent !important; padding:25px;'><h4 style='text-align:left; color:#ffffff;'>La salle en rez-de-chemin<\/h4><div style='text-align:left; color:#ffffff;'><\/div><\/div><\/div><\/div><\/div><\/div><\/div><\/div><script type='text\/javascript'>jQuery(document).ready(function($){$('#espaces-a-vivrepjc-slideshow .frs-bullets-wrapper li.frs-slideshow-nav-bullets').eq(0).html(\"1\");$('#espaces-a-vivrepjc-slideshow .frs-bullets-wrapper li.frs-slideshow-nav-bullets').eq(1).html(\"2\");$('#espaces-a-vivrepjc-slideshow .frs-bullets-wrapper li.frs-slideshow-nav-bullets').eq(2).html(\"3\");$('#espaces-a-vivrepjc-slideshow .frs-bullets-wrapper li.frs-slideshow-nav-bullets').eq(3).html(\"4\");$('#espaces-a-vivrepjc-slideshow .frs-bullets-wrapper li.frs-slideshow-nav-bullets').eq(4).html(\"5\");$('#espaces-a-vivrepjc-slideshow .frs-bullets-wrapper li.frs-slideshow-nav-bullets').eq(5).html(\"6\");$('#espaces-a-vivrepjc-slideshow .frs-bullets-wrapper li.frs-slideshow-nav-bullets').eq(6).html(\"7\");$('#espaces-a-vivrepjc-slideshow .frs-bullets-wrapper li.frs-slideshow-nav-bullets').eq(7).html(\"8\");$('#espaces-a-vivrepjc-slideshow .frs-bullets-wrapper li.frs-slideshow-nav-bullets').eq(8).html(\"9\");})<\/script>\n<hr \/>\n<p>&nbsp;<\/p>\n","protected":false},"excerpt":{"rendered":"<p>Un ensemble de dispositions est pr\u00e9vu pour l&rsquo;accueil des groupes et des stages : &gt; Une grande salle de r\u00e9union ou d&rsquo;activit\u00e9\u00a0(Gym, Yoga, &#8230;), &gt; Des facilit\u00e9s logistiques, &gt; Des Tarifs adapt\u00e9s, &gt; Une formule Demi-pension optionnelle, &gt; Des Service\u00a0sp\u00e9cifiques,&#8230; <\/p>\n","protected":false},"author":1,"featured_media":417,"parent":2,"menu_order":5,"comment_status":"closed","ping_status":"closed","template":"","meta":[],"yoast_head":"<!-- This site is optimized with the Yoast SEO plugin v19.8 - https:\/\/yoast.com\/wordpress\/plugins\/seo\/ -->\n<title>Groupes et STAGES<\/title>\n<meta name=\"description\" content=\"Un ensemble de dispositions est pr\u00e9vu pour l&#039;accueil des groupes et des stages : &gt; Une grande salle de r\u00e9union ou d&#039;activit\u00e9\u00a0(Gym, Yoga, ...), &gt; Des\" \/>\n<meta name=\"robots\" content=\"index, follow, max-snippet:-1, max-image-preview:large, max-video-preview:-1\" \/>\n<link rel=\"canonical\" href=\"https:\/\/laparenthese-banon.com\/GITE\/la-maison-d-hotes\/groupes-et-stages\/\" \/>\n<meta property=\"og:locale\" content=\"fr_FR\" \/>\n<meta property=\"og:type\" content=\"article\" \/>\n<meta property=\"og:title\" content=\"Groupes et STAGES\" \/>\n<meta property=\"og:description\" content=\"Un ensemble de dispositions est pr\u00e9vu pour l&#039;accueil des groupes et des stages : &gt; Une grande salle de r\u00e9union ou d&#039;activit\u00e9\u00a0(Gym, Yoga, ...), &gt; Des\" \/>\n<meta property=\"og:url\" content=\"https:\/\/laparenthese-banon.com\/GITE\/la-maison-d-hotes\/groupes-et-stages\/\" \/>\n<meta property=\"og:site_name\" content=\"La Parenth\u00e8se Banon\" \/>\n<meta property=\"article:modified_time\" content=\"2017-05-04T15:20:40+00:00\" \/>\n<meta name=\"twitter:card\" content=\"summary_large_image\" \/>\n<meta name=\"twitter:label1\" content=\"Dur\u00e9e de lecture estim\u00e9e\" \/>\n\t<meta name=\"twitter:data1\" content=\"2 minutes\" \/>\n<script type=\"application\/ld+json\" class=\"yoast-schema-graph\">{\"@context\":\"https:\/\/schema.org\",\"@graph\":[{\"@type\":\"WebPage\",\"@id\":\"https:\/\/laparenthese-banon.com\/GITE\/la-maison-d-hotes\/groupes-et-stages\/\",\"url\":\"https:\/\/laparenthese-banon.com\/GITE\/la-maison-d-hotes\/groupes-et-stages\/\",\"name\":\"Groupes et STAGES\",\"isPartOf\":{\"@id\":\"https:\/\/laparenthese-banon.com\/GITE\/#website\"},\"datePublished\":\"2017-04-09T17:38:14+00:00\",\"dateModified\":\"2017-05-04T15:20:40+00:00\",\"description\":\"Un ensemble de dispositions est pr\u00e9vu pour l'accueil des groupes et des stages : &gt; Une grande salle de r\u00e9union ou d'activit\u00e9\u00a0(Gym, Yoga, ...), &gt; Des\",\"breadcrumb\":{\"@id\":\"https:\/\/laparenthese-banon.com\/GITE\/la-maison-d-hotes\/groupes-et-stages\/#breadcrumb\"},\"inLanguage\":\"fr-FR\",\"potentialAction\":[{\"@type\":\"ReadAction\",\"target\":[\"https:\/\/laparenthese-banon.com\/GITE\/la-maison-d-hotes\/groupes-et-stages\/\"]}]},{\"@type\":\"BreadcrumbList\",\"@id\":\"https:\/\/laparenthese-banon.com\/GITE\/la-maison-d-hotes\/groupes-et-stages\/#breadcrumb\",\"itemListElement\":[{\"@type\":\"ListItem\",\"position\":1,\"name\":\"Accueil\",\"item\":\"https:\/\/laparenthese-banon.com\/GITE\/\"},{\"@type\":\"ListItem\",\"position\":2,\"name\":\"La maison d&rsquo;h\u00f4tes\",\"item\":\"https:\/\/laparenthese-banon.com\/GITE\/la-maison-d-hotes\/\"},{\"@type\":\"ListItem\",\"position\":3,\"name\":\"Groupes et STAGES\"}]},{\"@type\":\"WebSite\",\"@id\":\"https:\/\/laparenthese-banon.com\/GITE\/#website\",\"url\":\"https:\/\/laparenthese-banon.com\/GITE\/\",\"name\":\"La Parenth\u00e8se Banon\",\"description\":\"Maison d&#039;H\u00f4tes et de Randonneurs en Haute-Provence\",\"potentialAction\":[{\"@type\":\"SearchAction\",\"target\":{\"@type\":\"EntryPoint\",\"urlTemplate\":\"https:\/\/laparenthese-banon.com\/GITE\/?s={search_term_string}\"},\"query-input\":\"required name=search_term_string\"}],\"inLanguage\":\"fr-FR\"}]}<\/script>\n<!-- \/ Yoast SEO plugin. -->","yoast_head_json":{"title":"Groupes et STAGES","description":"Un ensemble de dispositions est pr\u00e9vu pour l'accueil des groupes et des stages : &gt; Une grande salle de r\u00e9union ou d'activit\u00e9\u00a0(Gym, Yoga, ...), &gt; Des","robots":{"index":"index","follow":"follow","max-snippet":"max-snippet:-1","max-image-preview":"max-image-preview:large","max-video-preview":"max-video-preview:-1"},"canonical":"https:\/\/laparenthese-banon.com\/GITE\/la-maison-d-hotes\/groupes-et-stages\/","og_locale":"fr_FR","og_type":"article","og_title":"Groupes et STAGES","og_description":"Un ensemble de dispositions est pr\u00e9vu pour l'accueil des groupes et des stages : &gt; Une grande salle de r\u00e9union ou d'activit\u00e9\u00a0(Gym, Yoga, ...), &gt; Des","og_url":"https:\/\/laparenthese-banon.com\/GITE\/la-maison-d-hotes\/groupes-et-stages\/","og_site_name":"La Parenth\u00e8se Banon","article_modified_time":"2017-05-04T15:20:40+00:00","twitter_card":"summary_large_image","twitter_misc":{"Dur\u00e9e de lecture estim\u00e9e":"2 minutes"},"schema":{"@context":"https:\/\/schema.org","@graph":[{"@type":"WebPage","@id":"https:\/\/laparenthese-banon.com\/GITE\/la-maison-d-hotes\/groupes-et-stages\/","url":"https:\/\/laparenthese-banon.com\/GITE\/la-maison-d-hotes\/groupes-et-stages\/","name":"Groupes et STAGES","isPartOf":{"@id":"https:\/\/laparenthese-banon.com\/GITE\/#website"},"datePublished":"2017-04-09T17:38:14+00:00","dateModified":"2017-05-04T15:20:40+00:00","description":"Un ensemble de dispositions est pr\u00e9vu pour l'accueil des groupes et des stages : &gt; Une grande salle de r\u00e9union ou d'activit\u00e9\u00a0(Gym, Yoga, ...), &gt; Des","breadcrumb":{"@id":"https:\/\/laparenthese-banon.com\/GITE\/la-maison-d-hotes\/groupes-et-stages\/#breadcrumb"},"inLanguage":"fr-FR","potentialAction":[{"@type":"ReadAction","target":["https:\/\/laparenthese-banon.com\/GITE\/la-maison-d-hotes\/groupes-et-stages\/"]}]},{"@type":"BreadcrumbList","@id":"https:\/\/laparenthese-banon.com\/GITE\/la-maison-d-hotes\/groupes-et-stages\/#breadcrumb","itemListElement":[{"@type":"ListItem","position":1,"name":"Accueil","item":"https:\/\/laparenthese-banon.com\/GITE\/"},{"@type":"ListItem","position":2,"name":"La maison d&rsquo;h\u00f4tes","item":"https:\/\/laparenthese-banon.com\/GITE\/la-maison-d-hotes\/"},{"@type":"ListItem","position":3,"name":"Groupes et STAGES"}]},{"@type":"WebSite","@id":"https:\/\/laparenthese-banon.com\/GITE\/#website","url":"https:\/\/laparenthese-banon.com\/GITE\/","name":"La Parenth\u00e8se Banon","description":"Maison d&#039;H\u00f4tes et de Randonneurs en Haute-Provence","potentialAction":[{"@type":"SearchAction","target":{"@type":"EntryPoint","urlTemplate":"https:\/\/laparenthese-banon.com\/GITE\/?s={search_term_string}"},"query-input":"required name=search_term_string"}],"inLanguage":"fr-FR"}]}},"_links":{"self":[{"href":"https:\/\/laparenthese-banon.com\/GITE\/wp-json\/wp\/v2\/pages\/116"}],"collection":[{"href":"https:\/\/laparenthese-banon.com\/GITE\/wp-json\/wp\/v2\/pages"}],"about":[{"href":"https:\/\/laparenthese-banon.com\/GITE\/wp-json\/wp\/v2\/types\/page"}],"author":[{"embeddable":true,"href":"https:\/\/laparenthese-banon.com\/GITE\/wp-json\/wp\/v2\/users\/1"}],"replies":[{"embeddable":true,"href":"https:\/\/laparenthese-banon.com\/GITE\/wp-json\/wp\/v2\/comments?post=116"}],"version-history":[{"count":10,"href":"https:\/\/laparenthese-banon.com\/GITE\/wp-json\/wp\/v2\/pages\/116\/revisions"}],"predecessor-version":[{"id":416,"href":"https:\/\/laparenthese-banon.com\/GITE\/wp-json\/wp\/v2\/pages\/116\/revisions\/416"}],"up":[{"embeddable":true,"href":"https:\/\/laparenthese-banon.com\/GITE\/wp-json\/wp\/v2\/pages\/2"}],"wp:featuredmedia":[{"embeddable":true,"href":"https:\/\/laparenthese-banon.com\/GITE\/wp-json\/wp\/v2\/media\/417"}],"wp:attachment":[{"href":"https:\/\/laparenthese-banon.com\/GITE\/wp-json\/wp\/v2\/media?parent=116"}],"curies":[{"name":"wp","href":"https:\/\/api.w.org\/{rel}","templated":true}]}}