{"id":1167,"date":"2019-11-07T16:06:18","date_gmt":"2019-11-07T15:06:18","guid":{"rendered":"https:\/\/laparenthese-banon.com\/GITE\/?page_id=1167"},"modified":"2019-11-09T10:33:58","modified_gmt":"2019-11-09T09:33:58","slug":"fermeture","status":"publish","type":"page","link":"https:\/\/laparenthese-banon.com\/GITE\/fermeture\/","title":{"rendered":"Fermer La Parenth\u00e8se"},"content":{"rendered":"\n<p><strong><a href=\"#COMMENTS\">Voir les commentaires -><\/a><\/strong><\/p>\n\n\n\n<h2>Fermeture d\u00e9finitive<\/h2>\n\n\n\n<p style=\"font-size:15px\"><strong>Annonce de la fermeture d\u00e9finitive de La Parenth\u00e8se Banon.<\/strong><\/p>\n\n\n\n<blockquote class=\"wp-block-quote is-style-clo\"><p>La Parenth\u00e8se Banon s&rsquo;est referm\u00e9e le 4 novembre 2019 !<\/p><cite>Cessation d&rsquo;activit\u00e9 de la maison d&rsquo;h\u00f4tes.<\/cite><\/blockquote>\n\n\n\n<p>Apr\u00e8s six belles ann\u00e9es d&rsquo;exploitation, la maison d&rsquo;h\u00f4tes La Parenth\u00e8se \u00e0 Banon a ferm\u00e9. D\u00e9but 2020, la maison redeviendra une \u00ab\u00a0maison de notaire\u00a0\u00bb, en effet cette maison qui avait \u00e9t\u00e9 b\u00e2tie pour constituer l&rsquo;\u00e9tude et l&rsquo;habitation du notaire de l&rsquo;\u00e9poque, \u00e0 qui nous avions achet\u00e9 la maison pour la transformer en maison d&rsquo;h\u00f4tes,  redevient une \u00e9tude de notaire.<\/p>\n\n\n\n<p>Nous avons donc \u00e9t\u00e9 une \u00ab\u00a0parenth\u00e8se\u00a0\u00bb entre notaires, un destin probablement pour cette maison &#8230;<\/p>\n\n\n\n<p class=\"has-text-color has-vivid-red-color\">Ce f\u00fbt une belle parenth\u00e8se pour nous et, nous l&rsquo;esp\u00e9rons, pour nos h\u00f4tes.<\/p>\n\n\n\n<h2>Remerciements<\/h2>\n\n\n\n<p>Nous remercions chaleureusement les centaines de clients qui nous ont fait confiance et qui sont venus puis revenus, et parfois souvent, \u00e0 La Parenth\u00e8se.<\/p>\n\n\n\n<p>Nous garderons un excellent souvenir de la plupart d&rsquo;entre vous, ce f\u00fbt une belle aventure, riche, pleine, parfois fatigante, souvent heureuse et toujours enrichissante.<\/p>\n\n\n\n<p>Nous remercions \u00e9galement les habitants du village de Banon pour leur accueil, nous avons voulu cr\u00e9er un lieu d&rsquo;accueil au sein de ce village tr\u00e8s attachant, et nous y avons \u00e9t\u00e9 tr\u00e8s bien accueillis nous m\u00eame.<\/p>\n\n\n\n<p class=\"has-text-color has-vivid-red-color\">Et pour ceux de nos h\u00f4tes avec qui nous avons gard\u00e9 contact, nous esp\u00e9rons vous revoir dans un autre cadre, autour d&rsquo;un ap\u00e9ro ou d&rsquo;une rando &#8230;<\/p>\n\n\n\n<div class=\"wp-block-image\"><figure class=\"aligncenter is-resized\"><a href=\"https:\/\/laparenthese-banon.com\/GITE\/wp-content\/uploads\/2019\/11\/IMG_8366_HS5_carre.jpg\" data-rel=\"lightbox-image-0\" data-rl_title=\"IMG_8366_HS5_carre\" data-rl_caption=\"\" title=\"IMG_8366_HS5_carre\"><img loading=\"lazy\" src=\"https:\/\/laparenthese-banon.com\/GITE\/wp-content\/uploads\/2019\/11\/IMG_8366_HS5_carre.jpg\" alt=\"\" class=\"wp-image-1178\" width=\"380\" height=\"380\" srcset=\"https:\/\/laparenthese-banon.com\/GITE\/wp-content\/uploads\/2019\/11\/IMG_8366_HS5_carre.jpg 1519w, https:\/\/laparenthese-banon.com\/GITE\/wp-content\/uploads\/2019\/11\/IMG_8366_HS5_carre-150x150.jpg 150w, https:\/\/laparenthese-banon.com\/GITE\/wp-content\/uploads\/2019\/11\/IMG_8366_HS5_carre-300x300.jpg 300w, https:\/\/laparenthese-banon.com\/GITE\/wp-content\/uploads\/2019\/11\/IMG_8366_HS5_carre-768x768.jpg 768w, https:\/\/laparenthese-banon.com\/GITE\/wp-content\/uploads\/2019\/11\/IMG_8366_HS5_carre-1024x1024.jpg 1024w\" sizes=\"(max-width: 380px) 100vw, 380px\" \/><\/a><figcaption>Sylvie et Christian, \u00e9ternellement reconnaissants &#8230;<\/figcaption><\/figure><\/div>\n\n\n\n<hr class=\"wp-block-separator is-style-wide\"\/>\n\n\n\n<h4 id=\"COMMENTAIRES\">Ecrire un commentaire ci-dessous pour la fermeture de La Parenth\u00e8se.<\/h4>\n","protected":false},"excerpt":{"rendered":"<p>Voir les commentaires -> Fermeture d\u00e9finitive Annonce de la fermeture d\u00e9finitive de La Parenth\u00e8se Banon. La Parenth\u00e8se Banon s&rsquo;est referm\u00e9e le 4 novembre 2019 ! Cessation d&rsquo;activit\u00e9 de la maison d&rsquo;h\u00f4tes. Apr\u00e8s six belles ann\u00e9es d&rsquo;exploitation, la maison d&rsquo;h\u00f4tes La&#8230; <\/p>\n","protected":false},"author":1,"featured_media":1170,"parent":0,"menu_order":0,"comment_status":"open","ping_status":"closed","template":"","meta":[],"yoast_head":"<!-- This site is optimized with the Yoast SEO plugin v19.8 - https:\/\/yoast.com\/wordpress\/plugins\/seo\/ -->\n<title>Fermer La Parenth\u00e8se<\/title>\n<meta name=\"description\" content=\"Voir les commentaires -&gt; Fermeture d\u00e9finitive Annonce de la fermeture d\u00e9finitive de La Parenth\u00e8se Banon. La Parenth\u00e8se Banon s&#039;est referm\u00e9e le 4 novembre\" \/>\n<meta name=\"robots\" content=\"index, follow, max-snippet:-1, max-image-preview:large, max-video-preview:-1\" \/>\n<link rel=\"canonical\" href=\"https:\/\/laparenthese-banon.com\/GITE\/fermeture\/\" \/>\n<meta property=\"og:locale\" content=\"fr_FR\" \/>\n<meta property=\"og:type\" content=\"article\" \/>\n<meta property=\"og:title\" content=\"Fermer La Parenth\u00e8se\" \/>\n<meta property=\"og:description\" content=\"Voir les commentaires -&gt; Fermeture d\u00e9finitive Annonce de la fermeture d\u00e9finitive de La Parenth\u00e8se Banon. La Parenth\u00e8se Banon s&#039;est referm\u00e9e le 4 novembre\" \/>\n<meta property=\"og:url\" content=\"https:\/\/laparenthese-banon.com\/GITE\/fermeture\/\" \/>\n<meta property=\"og:site_name\" content=\"La Parenth\u00e8se Banon\" \/>\n<meta property=\"article:modified_time\" content=\"2019-11-09T09:33:58+00:00\" \/>\n<meta property=\"og:image\" content=\"https:\/\/laparenthese-banon.com\/GITE\/wp-content\/uploads\/2019\/11\/FermetureGITE_bandeau_a.jpg\" \/>\n\t<meta property=\"og:image:width\" content=\"1400\" \/>\n\t<meta property=\"og:image:height\" content=\"334\" \/>\n\t<meta property=\"og:image:type\" content=\"image\/jpeg\" \/>\n<meta name=\"twitter:card\" content=\"summary_large_image\" \/>\n<meta name=\"twitter:label1\" content=\"Dur\u00e9e de lecture estim\u00e9e\" \/>\n\t<meta name=\"twitter:data1\" content=\"1 minute\" \/>\n<script type=\"application\/ld+json\" class=\"yoast-schema-graph\">{\"@context\":\"https:\/\/schema.org\",\"@graph\":[{\"@type\":\"WebPage\",\"@id\":\"https:\/\/laparenthese-banon.com\/GITE\/fermeture\/\",\"url\":\"https:\/\/laparenthese-banon.com\/GITE\/fermeture\/\",\"name\":\"Fermer La Parenth\u00e8se\",\"isPartOf\":{\"@id\":\"https:\/\/laparenthese-banon.com\/GITE\/#website\"},\"datePublished\":\"2019-11-07T15:06:18+00:00\",\"dateModified\":\"2019-11-09T09:33:58+00:00\",\"description\":\"Voir les commentaires -> Fermeture d\u00e9finitive Annonce de la fermeture d\u00e9finitive de La Parenth\u00e8se Banon. La Parenth\u00e8se Banon s'est referm\u00e9e le 4 novembre\",\"breadcrumb\":{\"@id\":\"https:\/\/laparenthese-banon.com\/GITE\/fermeture\/#breadcrumb\"},\"inLanguage\":\"fr-FR\",\"potentialAction\":[{\"@type\":\"ReadAction\",\"target\":[\"https:\/\/laparenthese-banon.com\/GITE\/fermeture\/\"]}]},{\"@type\":\"BreadcrumbList\",\"@id\":\"https:\/\/laparenthese-banon.com\/GITE\/fermeture\/#breadcrumb\",\"itemListElement\":[{\"@type\":\"ListItem\",\"position\":1,\"name\":\"Accueil\",\"item\":\"https:\/\/laparenthese-banon.com\/GITE\/\"},{\"@type\":\"ListItem\",\"position\":2,\"name\":\"Fermer La Parenth\u00e8se\"}]},{\"@type\":\"WebSite\",\"@id\":\"https:\/\/laparenthese-banon.com\/GITE\/#website\",\"url\":\"https:\/\/laparenthese-banon.com\/GITE\/\",\"name\":\"La Parenth\u00e8se Banon\",\"description\":\"Maison d&#039;H\u00f4tes et de Randonneurs en Haute-Provence\",\"potentialAction\":[{\"@type\":\"SearchAction\",\"target\":{\"@type\":\"EntryPoint\",\"urlTemplate\":\"https:\/\/laparenthese-banon.com\/GITE\/?s={search_term_string}\"},\"query-input\":\"required name=search_term_string\"}],\"inLanguage\":\"fr-FR\"}]}<\/script>\n<!-- \/ Yoast SEO plugin. -->","yoast_head_json":{"title":"Fermer La Parenth\u00e8se","description":"Voir les commentaires -> Fermeture d\u00e9finitive Annonce de la fermeture d\u00e9finitive de La Parenth\u00e8se Banon. La Parenth\u00e8se Banon s'est referm\u00e9e le 4 novembre","robots":{"index":"index","follow":"follow","max-snippet":"max-snippet:-1","max-image-preview":"max-image-preview:large","max-video-preview":"max-video-preview:-1"},"canonical":"https:\/\/laparenthese-banon.com\/GITE\/fermeture\/","og_locale":"fr_FR","og_type":"article","og_title":"Fermer La Parenth\u00e8se","og_description":"Voir les commentaires -> Fermeture d\u00e9finitive Annonce de la fermeture d\u00e9finitive de La Parenth\u00e8se Banon. La Parenth\u00e8se Banon s'est referm\u00e9e le 4 novembre","og_url":"https:\/\/laparenthese-banon.com\/GITE\/fermeture\/","og_site_name":"La Parenth\u00e8se Banon","article_modified_time":"2019-11-09T09:33:58+00:00","og_image":[{"width":1400,"height":334,"url":"https:\/\/laparenthese-banon.com\/GITE\/wp-content\/uploads\/2019\/11\/FermetureGITE_bandeau_a.jpg","type":"image\/jpeg"}],"twitter_card":"summary_large_image","twitter_misc":{"Dur\u00e9e de lecture estim\u00e9e":"1 minute"},"schema":{"@context":"https:\/\/schema.org","@graph":[{"@type":"WebPage","@id":"https:\/\/laparenthese-banon.com\/GITE\/fermeture\/","url":"https:\/\/laparenthese-banon.com\/GITE\/fermeture\/","name":"Fermer La Parenth\u00e8se","isPartOf":{"@id":"https:\/\/laparenthese-banon.com\/GITE\/#website"},"datePublished":"2019-11-07T15:06:18+00:00","dateModified":"2019-11-09T09:33:58+00:00","description":"Voir les commentaires -> Fermeture d\u00e9finitive Annonce de la fermeture d\u00e9finitive de La Parenth\u00e8se Banon. La Parenth\u00e8se Banon s'est referm\u00e9e le 4 novembre","breadcrumb":{"@id":"https:\/\/laparenthese-banon.com\/GITE\/fermeture\/#breadcrumb"},"inLanguage":"fr-FR","potentialAction":[{"@type":"ReadAction","target":["https:\/\/laparenthese-banon.com\/GITE\/fermeture\/"]}]},{"@type":"BreadcrumbList","@id":"https:\/\/laparenthese-banon.com\/GITE\/fermeture\/#breadcrumb","itemListElement":[{"@type":"ListItem","position":1,"name":"Accueil","item":"https:\/\/laparenthese-banon.com\/GITE\/"},{"@type":"ListItem","position":2,"name":"Fermer La Parenth\u00e8se"}]},{"@type":"WebSite","@id":"https:\/\/laparenthese-banon.com\/GITE\/#website","url":"https:\/\/laparenthese-banon.com\/GITE\/","name":"La Parenth\u00e8se Banon","description":"Maison d&#039;H\u00f4tes et de Randonneurs en Haute-Provence","potentialAction":[{"@type":"SearchAction","target":{"@type":"EntryPoint","urlTemplate":"https:\/\/laparenthese-banon.com\/GITE\/?s={search_term_string}"},"query-input":"required name=search_term_string"}],"inLanguage":"fr-FR"}]}},"_links":{"self":[{"href":"https:\/\/laparenthese-banon.com\/GITE\/wp-json\/wp\/v2\/pages\/1167"}],"collection":[{"href":"https:\/\/laparenthese-banon.com\/GITE\/wp-json\/wp\/v2\/pages"}],"about":[{"href":"https:\/\/laparenthese-banon.com\/GITE\/wp-json\/wp\/v2\/types\/page"}],"author":[{"embeddable":true,"href":"https:\/\/laparenthese-banon.com\/GITE\/wp-json\/wp\/v2\/users\/1"}],"replies":[{"embeddable":true,"href":"https:\/\/laparenthese-banon.com\/GITE\/wp-json\/wp\/v2\/comments?post=1167"}],"version-history":[{"count":16,"href":"https:\/\/laparenthese-banon.com\/GITE\/wp-json\/wp\/v2\/pages\/1167\/revisions"}],"predecessor-version":[{"id":1450,"href":"https:\/\/laparenthese-banon.com\/GITE\/wp-json\/wp\/v2\/pages\/1167\/revisions\/1450"}],"wp:featuredmedia":[{"embeddable":true,"href":"https:\/\/laparenthese-banon.com\/GITE\/wp-json\/wp\/v2\/media\/1170"}],"wp:attachment":[{"href":"https:\/\/laparenthese-banon.com\/GITE\/wp-json\/wp\/v2\/media?parent=1167"}],"curies":[{"name":"wp","href":"https:\/\/api.w.org\/{rel}","templated":true}]}}

Fermer La Parenthèse

<p><strong><a href="#COMMENTS">Voir les commentaires -></a></strong></p>



<h2>Fermeture définitive</h2>



<p style="font-size:15px"><strong>Annonce de la fermeture définitive de La Parenthèse Banon.</strong></p>



<blockquote class="wp-block-quote is-style-clo"><p>La Parenthèse Banon s&rsquo;est refermée le 4 novembre 2019 !</p><cite>Cessation d&rsquo;activité de la maison d&rsquo;hôtes.</cite></blockquote>



<p>Après six belles années d&rsquo;exploitation, la maison d&rsquo;hôtes La Parenthèse à Banon a fermé. Début 2020, la maison redeviendra une « maison de notaire », en effet cette maison qui avait été bâtie pour constituer l&rsquo;étude et l&rsquo;habitation du notaire de l&rsquo;époque, à qui nous avions acheté la maison pour la transformer en maison d&rsquo;hôtes,  redevient une étude de notaire.</p>



<p>Nous avons donc été une « parenthèse » entre notaires, un destin probablement pour cette maison &#8230;</p>



<p class="has-text-color has-vivid-red-color">Ce fût une belle parenthèse pour nous et, nous l&rsquo;espérons, pour nos hôtes.</p>



<h2>Remerciements</h2>



<p>Nous remercions chaleureusement les centaines de clients qui nous ont fait confiance et qui sont venus puis revenus, et parfois souvent, à La Parenthèse.</p>



<p>Nous garderons un excellent souvenir de la plupart d&rsquo;entre vous, ce fût une belle aventure, riche, pleine, parfois fatigante, souvent heureuse et toujours enrichissante.</p>



<p>Nous remercions également les habitants du village de Banon pour leur accueil, nous avons voulu créer un lieu d&rsquo;accueil au sein de ce village très attachant, et nous y avons été très bien accueillis nous même.</p>



<p class="has-text-color has-vivid-red-color">Et pour ceux de nos hôtes avec qui nous avons gardé contact, nous espérons vous revoir dans un autre cadre, autour d&rsquo;un apéro ou d&rsquo;une rando &#8230;</p>



<div class="wp-block-image"><figure class="aligncenter is-resized"><a href="https://laparenthese-banon.com/GITE/wp-content/uploads/2019/11/IMG_8366_HS5_carre.jpg" data-rel="lightbox-image-0" data-rl_title="IMG_8366_HS5_carre" data-rl_caption="" title="IMG_8366_HS5_carre"><img loading="lazy" src="https://laparenthese-banon.com/GITE/wp-content/uploads/2019/11/IMG_8366_HS5_carre.jpg" alt="" class="wp-image-1178" width="380" height="380" srcset="https://laparenthese-banon.com/GITE/wp-content/uploads/2019/11/IMG_8366_HS5_carre.jpg 1519w, https://laparenthese-banon.com/GITE/wp-content/uploads/2019/11/IMG_8366_HS5_carre-150x150.jpg 150w, https://laparenthese-banon.com/GITE/wp-content/uploads/2019/11/IMG_8366_HS5_carre-300x300.jpg 300w, https://laparenthese-banon.com/GITE/wp-content/uploads/2019/11/IMG_8366_HS5_carre-768x768.jpg 768w, https://laparenthese-banon.com/GITE/wp-content/uploads/2019/11/IMG_8366_HS5_carre-1024x1024.jpg 1024w" sizes="(max-width: 380px) 100vw, 380px" /></a><figcaption>Sylvie et Christian, éternellement reconnaissants &#8230;</figcaption></figure></div>



<hr class="wp-block-separator is-style-wide"/>



<h4 id="COMMENTAIRES">Ecrire un commentaire ci-dessous pour la fermeture de La Parenthèse.</h4>

<p>Voir les commentaires -> Fermeture définitive Annonce de la fermeture définitive de La Parenthèse Banon. La Parenthèse Banon s&rsquo;est refermée le 4 novembre 2019 ! Cessation d&rsquo;activité de la maison d&rsquo;hôtes. Après six belles années d&rsquo;exploitation, la maison d&rsquo;hôtes La&#8230; </p>

<!-- This site is optimized with the Yoast SEO plugin v19.8 - https://yoast.com/wordpress/plugins/seo/ -->
<title>Fermer La Parenthèse</title>
<meta name="description" content="Voir les commentaires -&gt; Fermeture définitive Annonce de la fermeture définitive de La Parenthèse Banon. La Parenthèse Banon s&#039;est refermée le 4 novembre" />
<meta name="robots" content="index, follow, max-snippet:-1, max-image-preview:large, max-video-preview:-1" />
<link rel="canonical" href="https://laparenthese-banon.com/GITE/fermeture/" />
<meta property="og:locale" content="fr_FR" />
<meta property="og:type" content="article" />
<meta property="og:title" content="Fermer La Parenthèse" />
<meta property="og:description" content="Voir les commentaires -&gt; Fermeture définitive Annonce de la fermeture définitive de La Parenthèse Banon. La Parenthèse Banon s&#039;est refermée le 4 novembre" />
<meta property="og:url" content="https://laparenthese-banon.com/GITE/fermeture/" />
<meta property="og:site_name" content="La Parenthèse Banon" />
<meta property="article:modified_time" content="2019-11-09T09:33:58+00:00" />
<meta property="og:image" content="https://laparenthese-banon.com/GITE/wp-content/uploads/2019/11/FermetureGITE_bandeau_a.jpg" />
	<meta property="og:image:width" content="1400" />
	<meta property="og:image:height" content="334" />
	<meta property="og:image:type" content="image/jpeg" />
<meta name="twitter:card" content="summary_large_image" />
<meta name="twitter:label1" content="Durée de lecture estimée" />
	<meta name="twitter:data1" content="1 minute" />
<script type="application/ld+json" class="yoast-schema-graph">{"@context":"https://schema.org","@graph":[{"@type":"WebPage","@id":"https://laparenthese-banon.com/GITE/fermeture/","url":"https://laparenthese-banon.com/GITE/fermeture/","name":"Fermer La Parenthèse","isPartOf":{"@id":"https://laparenthese-banon.com/GITE/#website"},"datePublished":"2019-11-07T15:06:18+00:00","dateModified":"2019-11-09T09:33:58+00:00","description":"Voir les commentaires -> Fermeture définitive Annonce de la fermeture définitive de La Parenthèse Banon. La Parenthèse Banon s'est refermée le 4 novembre","breadcrumb":{"@id":"https://laparenthese-banon.com/GITE/fermeture/#breadcrumb"},"inLanguage":"fr-FR","potentialAction":[{"@type":"ReadAction","target":["https://laparenthese-banon.com/GITE/fermeture/"]}]},{"@type":"BreadcrumbList","@id":"https://laparenthese-banon.com/GITE/fermeture/#breadcrumb","itemListElement":[{"@type":"ListItem","position":1,"name":"Accueil","item":"https://laparenthese-banon.com/GITE/"},{"@type":"ListItem","position":2,"name":"Fermer La Parenthèse"}]},{"@type":"WebSite","@id":"https://laparenthese-banon.com/GITE/#website","url":"https://laparenthese-banon.com/GITE/","name":"La Parenthèse Banon","description":"Maison d&#039;Hôtes et de Randonneurs en Haute-Provence","potentialAction":[{"@type":"SearchAction","target":{"@type":"EntryPoint","urlTemplate":"https://laparenthese-banon.com/GITE/?s={search_term_string}"},"query-input":"required name=search_term_string"}],"inLanguage":"fr-FR"}]}</script>
<!-- / Yoast SEO plugin. -->

Voir les commentaires -> Fermeture définitive Annonce de la fermeture définitive de La Parenthèse Banon. La Parenthèse Banon s'est refermée le 4 novembre

La Parenthèse Banon

Maison d&#039;Hôtes et de Randonneurs en Haute-Provence
