{"id":2,"date":"2017-04-01T16:44:39","date_gmt":"2017-04-01T14:44:39","guid":{"rendered":"http:\/\/laparenthese-banon.com\/GITE\/?page_id=2"},"modified":"2017-10-04T18:31:23","modified_gmt":"2017-10-04T16:31:23","slug":"la-maison-d-hotes","status":"publish","type":"page","link":"https:\/\/laparenthese-banon.com\/GITE\/la-maison-d-hotes\/","title":{"rendered":"La maison d&rsquo;h\u00f4tes"},"content":{"rendered":"<blockquote><p>Notre projet en r\u00e9novant enti\u00e8rement cette maison de village \u00e9tait de proposer un lieu confortable et chaleureux \u00e0 nos h\u00f4tes, con\u00e7u\u00a0d\u00e8s le d\u00e9part comme une maison d&rsquo;accueil dans sa globalit\u00e9, avec certes\u00a0des chambres confortables, mais pas seulement.<br \/>\nCette page d\u00e9taille les \u00e9l\u00e9ments qui participent \u00e0 la r\u00e9alisation de cet objectif.<\/p><\/blockquote>\n<h3>Les RUBRIQUES<\/h3>\n<div class=\"hold-3box\" style=\"width:width;\"><\/p>\n<ul class=\"list-cuisines\">\n<li><a href=\"https:\/\/laparenthese-banon.com\/GITE\/la-maison-d-hotes\/les-commodites\/#\">Les COMMODITES<\/a><\/li>\n<li><a href=\"https:\/\/laparenthese-banon.com\/GITE\/la-maison-d-hotes\/les-commodites\/#Espacesvivre\">LES ESPACES \u00e0 VIVRE<\/a><\/li>\n<li><a href=\"https:\/\/laparenthese-banon.com\/GITE\/la-maison-d-hotes\/services-aux-randonneurs\/#\">Services aux RANDONNEURS<\/a><\/li>\n<li><a href=\"https:\/\/laparenthese-banon.com\/GITE\/la-maison-d-hotes\/groupes-et-stages\/#\">Accueil des GROUPES et des STAGES<\/a><\/li>\n<li><a href=\"https:\/\/laparenthese-banon.com\/GITE\/la-maison-d-hotes\/la-politique-familiale\/#\">La POLITIQUE FAMILIALE<\/a><\/li>\n<li><a href=\"#PetitDej\">Les PETITS DEJEUNERS<\/a><\/li>\n<li><a href=\"#CuisinePar\">La CUISINE \u00e0 PARTAGER (et \u00ab\u00a0o\u00f9 manger ?\u00a0\u00bb)<\/a><\/li>\n<li><a href=\"#CedRouz\">La sculpture L\u2019\u00c9TERNEL<\/a><\/li>\n<li><a href=\"#\">&#8230; (\u00e0 r\u00e9diger)<\/a><\/li>\n<\/ul>\n<p><\/div>\n<h2>La maison \u00e0 Banon<\/h2>\n<p><strong>BANON<\/strong> est un charmant village de <strong>Haute-Provence<\/strong> r\u00e9put\u00e9 pour son fromage de ch\u00e8vre (AOP) emball\u00e9 dans des feuilles de ch\u00e2taignier, pour sa grande librairie Le Bleuet, pour son air pur, son ciel limpide et ses nuits \u00e9toil\u00e9es, mais aussi pour ses paysages paisibles et l\u2019importance de son patrimoine pastoral, bref pour sa qualit\u00e9 de vie et l\u2019authenticit\u00e9 de son offre touristique.<\/p>\n<p>Blottie contre le village, et largement ouvert sur les panoramas de Lure et du pays de Banon, <strong>La Parenth\u00e8s<\/strong>e est une Maison d\u2019h\u00f4tes qui offre un h\u00e9bergement de qualit\u00e9, confortable et chaleureux avec 5 chambres et de nombreux espaces mis \u00e0 la disposition des h\u00f4tes, comme le vaste salon, la spacieuse cuisine en gestion libre ou encore la grande salle de jeu et de d\u00e9tente (avec sauna) en rez de jardin, sans oublier le jardin et la terrasse expos\u00e9s plein sud (voir\u00a0<a href=\"https:\/\/laparenthese-banon.com\/GITE\/la-maison-d-hotes\/les-commodites\/#Espacesvivre\">LES ESPACES \u00e0 VIVRE<\/a>).<\/p>\n<p><strong>La Parenth\u00e8se<\/strong> est aussi une <a href=\"http:\/\/laparenthese-banon.com\/GITE\/la-maison-d-hotes\/services-aux-randonneurs\/\"><strong><em>Maison des randonneurs<\/em><\/strong><\/a>\u00a0: un ensemble de services sont propos\u00e9s \u00e0 nos h\u00f4tes sportifs (marcheurs, v\u00e9t\u00e9tistes et cyclistes en particulier) ainsi qu\u2019un tarif adapt\u00e9 aux groupes, comme cela est pratiqu\u00e9 en g\u00eete d\u2019\u00e9tape, mais avec le confort et les services d\u2019une maison d\u2019h\u00f4tes.<br \/>\n<a name=\"PetitDej\"><\/a><\/p>\n<h3>Les petits d\u00e9jeuners<\/h3>\n<p><a href=\"https:\/\/laparenthese-banon.com\/GITE\/la-maison-d-hotes\/bed-breakfast\/\">Les petits d\u00e9jeuners de La Parenth\u00e8se [lire la suite &#8230;]<\/a><br \/>\n<a name=\"CuisinePar\"><\/a><\/p>\n<h3>La cuisine \u00e0 partager<\/h3>\n<p><a href=\"https:\/\/laparenthese-banon.com\/GITE\/la-maison-d-hotes\/cuisine-a-partager\/\">La solution originale et conviviale de La Parenth\u00e8se [lire la suite &#8230;]<\/a><br \/>\n<a name=\"CedRouz\"><\/a><\/p>\n<h3>La sculpture L\u2019\u00c9TERNEL<\/h3>\n<p><a href=\"https:\/\/laparenthese-banon.com\/GITE\/la-maison-d-hotes\/sculpture-cedrouz\/\">L&rsquo;installation \u00ab\u00a0L\u2019\u00c9ternel\u00a0\u00bb veille sur notre maison [D\u00e9couvrir la suite &#8230;]<\/a><\/p>\n<p>&nbsp;<\/p>\n<hr \/>\n<p>&nbsp;<\/p>\n","protected":false},"excerpt":{"rendered":"<p>Notre projet en r\u00e9novant enti\u00e8rement cette maison de village \u00e9tait de proposer un lieu confortable et chaleureux \u00e0 nos h\u00f4tes, con\u00e7u\u00a0d\u00e8s le d\u00e9part comme une maison d&rsquo;accueil dans sa globalit\u00e9, avec certes\u00a0des chambres confortables, mais pas seulement. Cette page d\u00e9taille&#8230; <\/p>\n","protected":false},"author":1,"featured_media":0,"parent":0,"menu_order":0,"comment_status":"closed","ping_status":"open","template":"template-right-sidebar.php","meta":[],"yoast_head":"<!-- This site is optimized with the Yoast SEO plugin v19.8 - https:\/\/yoast.com\/wordpress\/plugins\/seo\/ -->\n<title>La maison d&#039;h\u00f4tes<\/title>\n<meta name=\"description\" content=\"Notre projet en r\u00e9novant enti\u00e8rement cette maison de village \u00e9tait de proposer un lieu confortable et chaleureux \u00e0 nos h\u00f4tes, con\u00e7u\u00a0d\u00e8s le d\u00e9part comme\" \/>\n<meta name=\"robots\" content=\"index, follow, max-snippet:-1, max-image-preview:large, max-video-preview:-1\" \/>\n<link rel=\"canonical\" href=\"https:\/\/laparenthese-banon.com\/GITE\/la-maison-d-hotes\/\" \/>\n<meta property=\"og:locale\" content=\"fr_FR\" \/>\n<meta property=\"og:type\" content=\"article\" \/>\n<meta property=\"og:title\" content=\"La maison d&#039;h\u00f4tes\" \/>\n<meta property=\"og:description\" content=\"Notre projet en r\u00e9novant enti\u00e8rement cette maison de village \u00e9tait de proposer un lieu confortable et chaleureux \u00e0 nos h\u00f4tes, con\u00e7u\u00a0d\u00e8s le d\u00e9part comme\" \/>\n<meta property=\"og:url\" content=\"https:\/\/laparenthese-banon.com\/GITE\/la-maison-d-hotes\/\" \/>\n<meta property=\"og:site_name\" content=\"La Parenth\u00e8se Banon\" \/>\n<meta property=\"article:modified_time\" content=\"2017-10-04T16:31:23+00:00\" \/>\n<meta name=\"twitter:card\" content=\"summary_large_image\" \/>\n<meta name=\"twitter:label1\" content=\"Dur\u00e9e de lecture estim\u00e9e\" \/>\n\t<meta name=\"twitter:data1\" content=\"2 minutes\" \/>\n<script type=\"application\/ld+json\" class=\"yoast-schema-graph\">{\"@context\":\"https:\/\/schema.org\",\"@graph\":[{\"@type\":\"WebPage\",\"@id\":\"https:\/\/laparenthese-banon.com\/GITE\/la-maison-d-hotes\/\",\"url\":\"https:\/\/laparenthese-banon.com\/GITE\/la-maison-d-hotes\/\",\"name\":\"La maison d'h\u00f4tes\",\"isPartOf\":{\"@id\":\"https:\/\/laparenthese-banon.com\/GITE\/#website\"},\"datePublished\":\"2017-04-01T14:44:39+00:00\",\"dateModified\":\"2017-10-04T16:31:23+00:00\",\"description\":\"Notre projet en r\u00e9novant enti\u00e8rement cette maison de village \u00e9tait de proposer un lieu confortable et chaleureux \u00e0 nos h\u00f4tes, con\u00e7u\u00a0d\u00e8s le d\u00e9part comme\",\"breadcrumb\":{\"@id\":\"https:\/\/laparenthese-banon.com\/GITE\/la-maison-d-hotes\/#breadcrumb\"},\"inLanguage\":\"fr-FR\",\"potentialAction\":[{\"@type\":\"ReadAction\",\"target\":[\"https:\/\/laparenthese-banon.com\/GITE\/la-maison-d-hotes\/\"]}]},{\"@type\":\"BreadcrumbList\",\"@id\":\"https:\/\/laparenthese-banon.com\/GITE\/la-maison-d-hotes\/#breadcrumb\",\"itemListElement\":[{\"@type\":\"ListItem\",\"position\":1,\"name\":\"Accueil\",\"item\":\"https:\/\/laparenthese-banon.com\/GITE\/\"},{\"@type\":\"ListItem\",\"position\":2,\"name\":\"La maison d&rsquo;h\u00f4tes\"}]},{\"@type\":\"WebSite\",\"@id\":\"https:\/\/laparenthese-banon.com\/GITE\/#website\",\"url\":\"https:\/\/laparenthese-banon.com\/GITE\/\",\"name\":\"La Parenth\u00e8se Banon\",\"description\":\"Maison d&#039;H\u00f4tes et de Randonneurs en Haute-Provence\",\"potentialAction\":[{\"@type\":\"SearchAction\",\"target\":{\"@type\":\"EntryPoint\",\"urlTemplate\":\"https:\/\/laparenthese-banon.com\/GITE\/?s={search_term_string}\"},\"query-input\":\"required name=search_term_string\"}],\"inLanguage\":\"fr-FR\"}]}<\/script>\n<!-- \/ Yoast SEO plugin. -->","yoast_head_json":{"title":"La maison d'h\u00f4tes","description":"Notre projet en r\u00e9novant enti\u00e8rement cette maison de village \u00e9tait de proposer un lieu confortable et chaleureux \u00e0 nos h\u00f4tes, con\u00e7u\u00a0d\u00e8s le d\u00e9part comme","robots":{"index":"index","follow":"follow","max-snippet":"max-snippet:-1","max-image-preview":"max-image-preview:large","max-video-preview":"max-video-preview:-1"},"canonical":"https:\/\/laparenthese-banon.com\/GITE\/la-maison-d-hotes\/","og_locale":"fr_FR","og_type":"article","og_title":"La maison d'h\u00f4tes","og_description":"Notre projet en r\u00e9novant enti\u00e8rement cette maison de village \u00e9tait de proposer un lieu confortable et chaleureux \u00e0 nos h\u00f4tes, con\u00e7u\u00a0d\u00e8s le d\u00e9part comme","og_url":"https:\/\/laparenthese-banon.com\/GITE\/la-maison-d-hotes\/","og_site_name":"La Parenth\u00e8se Banon","article_modified_time":"2017-10-04T16:31:23+00:00","twitter_card":"summary_large_image","twitter_misc":{"Dur\u00e9e de lecture estim\u00e9e":"2 minutes"},"schema":{"@context":"https:\/\/schema.org","@graph":[{"@type":"WebPage","@id":"https:\/\/laparenthese-banon.com\/GITE\/la-maison-d-hotes\/","url":"https:\/\/laparenthese-banon.com\/GITE\/la-maison-d-hotes\/","name":"La maison d'h\u00f4tes","isPartOf":{"@id":"https:\/\/laparenthese-banon.com\/GITE\/#website"},"datePublished":"2017-04-01T14:44:39+00:00","dateModified":"2017-10-04T16:31:23+00:00","description":"Notre projet en r\u00e9novant enti\u00e8rement cette maison de village \u00e9tait de proposer un lieu confortable et chaleureux \u00e0 nos h\u00f4tes, con\u00e7u\u00a0d\u00e8s le d\u00e9part comme","breadcrumb":{"@id":"https:\/\/laparenthese-banon.com\/GITE\/la-maison-d-hotes\/#breadcrumb"},"inLanguage":"fr-FR","potentialAction":[{"@type":"ReadAction","target":["https:\/\/laparenthese-banon.com\/GITE\/la-maison-d-hotes\/"]}]},{"@type":"BreadcrumbList","@id":"https:\/\/laparenthese-banon.com\/GITE\/la-maison-d-hotes\/#breadcrumb","itemListElement":[{"@type":"ListItem","position":1,"name":"Accueil","item":"https:\/\/laparenthese-banon.com\/GITE\/"},{"@type":"ListItem","position":2,"name":"La maison d&rsquo;h\u00f4tes"}]},{"@type":"WebSite","@id":"https:\/\/laparenthese-banon.com\/GITE\/#website","url":"https:\/\/laparenthese-banon.com\/GITE\/","name":"La Parenth\u00e8se Banon","description":"Maison d&#039;H\u00f4tes et de Randonneurs en Haute-Provence","potentialAction":[{"@type":"SearchAction","target":{"@type":"EntryPoint","urlTemplate":"https:\/\/laparenthese-banon.com\/GITE\/?s={search_term_string}"},"query-input":"required name=search_term_string"}],"inLanguage":"fr-FR"}]}},"_links":{"self":[{"href":"https:\/\/laparenthese-banon.com\/GITE\/wp-json\/wp\/v2\/pages\/2"}],"collection":[{"href":"https:\/\/laparenthese-banon.com\/GITE\/wp-json\/wp\/v2\/pages"}],"about":[{"href":"https:\/\/laparenthese-banon.com\/GITE\/wp-json\/wp\/v2\/types\/page"}],"author":[{"embeddable":true,"href":"https:\/\/laparenthese-banon.com\/GITE\/wp-json\/wp\/v2\/users\/1"}],"replies":[{"embeddable":true,"href":"https:\/\/laparenthese-banon.com\/GITE\/wp-json\/wp\/v2\/comments?post=2"}],"version-history":[{"count":27,"href":"https:\/\/laparenthese-banon.com\/GITE\/wp-json\/wp\/v2\/pages\/2\/revisions"}],"predecessor-version":[{"id":798,"href":"https:\/\/laparenthese-banon.com\/GITE\/wp-json\/wp\/v2\/pages\/2\/revisions\/798"}],"wp:attachment":[{"href":"https:\/\/laparenthese-banon.com\/GITE\/wp-json\/wp\/v2\/media?parent=2"}],"curies":[{"name":"wp","href":"https:\/\/api.w.org\/{rel}","templated":true}]}}