{"id":37,"date":"2017-04-06T16:36:22","date_gmt":"2017-04-06T14:36:22","guid":{"rendered":"http:\/\/laparenthese-banon.com\/GITE\/?page_id=37"},"modified":"2017-05-10T14:25:03","modified_gmt":"2017-05-10T12:25:03","slug":"cuisine-a-partager","status":"publish","type":"page","link":"https:\/\/laparenthese-banon.com\/GITE\/la-maison-d-hotes\/cuisine-a-partager\/","title":{"rendered":"La cuisine \u00e0 partager"},"content":{"rendered":"<blockquote><p>Grande originalit\u00e9 de notre maison d&rsquo;h\u00f4tes, la cuisine en libre-service offre une solution conviviale, \u00e9conomique et confortable pour ceux qui veulent \u00e9viter de multiplier les repas au restaurant, d\u00eener en famille ou entre amis et prolonger la soir\u00e9e sur la terrasse sous les \u00e9toiles, les ciels de Haute-Provence \u00e9tant r\u00e9put\u00e9s pour leur clart\u00e9 !<\/p><\/blockquote>\n<h3>O\u00f9 <strong>manger ?<\/strong><\/h3>\n<p>Vous pourrez vous rendre <strong>\u00e0 pied<\/strong> dans l&rsquo;un des quatre restaurants du village : brasserie, restaurant gastronomique, bar \u00e0 vin, pizzeria.<br \/>\nNous nous ferons \u00e9galement un plaisir de vous renseigner sur les bonnes tables de la r\u00e9gion qui proposent une grande vari\u00e9t\u00e9 de cuisines pour diff\u00e9rents budgets. Nous ne recommandons que les tables o\u00f9 nous avons plaisir \u00e0 aller !<\/p>\n<p>En r\u00e8gle g\u00e9n\u00e9ral, nous ne proposons pas de table d&rsquo;h\u00f4tes, cependant sur r\u00e9servation et pour les groupes (\u00e0 partir de 6 personnes) nous pouvons pr\u00e9parer le repas du soir. Ce service n&rsquo;est pas propos\u00e9 en haute saison (\u00e0 ce moment tous les restaurants du village sont ouverts).<\/p>\n<p>&nbsp;<\/p>\n<h3>La cuisine en <strong>libre service<\/strong><\/h3>\n<p>Grande originalit\u00e9 de notre maison d&rsquo;h\u00f4tes, <strong>la cuisine en libre-service<\/strong> offre une solution conviviale, \u00e9conomique et confortable pour ceux qui veulent \u00e9viter\u00a0de se rendre au restaurant ou tout simplement se pr\u00e9parer un pique-nique ou un brunch \u00e0 partir des excellents produits locaux.<img loading=\"lazy\" class=\"size-full wp-image-40 alignright\" src=\"https:\/\/laparenthese-banon.com\/GITE\/wp-content\/uploads\/2017\/04\/Page_Cuisine_D.jpg\" alt=\"\" width=\"166\" height=\"125\" \/><\/p>\n<p>La cuisine en libre-service comprend :<\/p>\n<ul>\n<li>l&rsquo;acc\u00e8s aux \u00e9quipements (piano de cuisson, micro-ondes, lave-vaisselle, etc.),<\/li>\n<li>l&rsquo;utilisation de la vaisselle (couverts, plats, casseroles, etc.),<\/li>\n<li>l&rsquo;\u00e9picerie de base (huile, vinaigre, \u00e9pices, &#8230;).<\/li>\n<\/ul>\n<p>Des casiers sur les \u00e9tag\u00e8res ainsi que des tiroirs dans le r\u00e9frig\u00e9rateur permettent de g\u00e9rer et conserver ses aliments \u00ab\u00a0comme \u00e0 la maison\u00a0\u00bb.<\/p>\n<p>A proximit\u00e9 imm\u00e9diate de la maison, vous avez la possibilit\u00e9 de faire vos courses dans les commerces du village, <strong>ouverts tous les jours<\/strong> : sup\u00e9rette, boulangerie, fruits &amp; l\u00e9gumes, charcuterie, boucheries, fromagerie, cavistes, &#8230;<br \/>\nou encore sur les march\u00e9s de Banon (mardi et samedi matin).<br \/>\nOutre l&rsquo;alimentation habituelle, vous d\u00e9couvrirez des commerces originaux, authentiques et r\u00e9put\u00e9s : cave \u00e0 vin, produits du terroir (La Brindille Melchio, fromages de ch\u00e8vre de Banon, &#8230;), miel et produits de la lavande, &#8230;<\/p>\n<p>&#8230; et sans oublier, parce qu&rsquo;il faut aussi des nourritures intellectuelles, la c\u00e9l\u00e8bre librairie <strong>Le Bleuet<\/strong> !<\/p>\n<blockquote><p>A noter : les petits d\u00e9jeuners \u00e9tant compris dans le prix de la chambre, la cuisine n&rsquo;est pas disponible en libre-service le matin pour nous permettre de vous offrir la meilleure qualit\u00e9 de service.<\/p><\/blockquote>\n<div id=\"attachment_41\" style=\"width: 1248px\" class=\"wp-caption aligncenter\"><img aria-describedby=\"caption-attachment-41\" loading=\"lazy\" class=\"wp-image-41 size-full\" src=\"http:\/\/laparenthese-banon.com\/GITE\/wp-content\/uploads\/2017\/04\/Page_Cuisine_F.jpg\" alt=\"\" width=\"1238\" height=\"827\" srcset=\"https:\/\/laparenthese-banon.com\/GITE\/wp-content\/uploads\/2017\/04\/Page_Cuisine_F.jpg 1238w, https:\/\/laparenthese-banon.com\/GITE\/wp-content\/uploads\/2017\/04\/Page_Cuisine_F-300x200.jpg 300w, https:\/\/laparenthese-banon.com\/GITE\/wp-content\/uploads\/2017\/04\/Page_Cuisine_F-768x513.jpg 768w, https:\/\/laparenthese-banon.com\/GITE\/wp-content\/uploads\/2017\/04\/Page_Cuisine_F-1024x684.jpg 1024w\" sizes=\"(max-width: 1238px) 100vw, 1238px\" \/><p id=\"caption-attachment-41\" class=\"wp-caption-text\">La grande cuisine en libre service<\/p><\/div>\n<h3>La Parenth\u00e8se <strong>vous recommande<\/strong><\/h3>\n<p>A Banon, nous vous recommandons particuli\u00e8rement deux restaurants :<\/p>\n<ul>\n<li>Le bar \u00e0 vin \/ caviste : <a href=\"https:\/\/restaurant-caviste-banon-04.fr\/\" target=\"_blank\" rel=\"noopener noreferrer\">Les Vins au Vert<\/a>.<\/li>\n<li>Le restaurant gastronomique :\u00a0<a href=\"https:\/\/www.latabledepanturle.eu\/\" target=\"_blank\" rel=\"noopener noreferrer\">La Table de Panturle<\/a>.<\/li>\n<\/ul>\n<p><img loading=\"lazy\" class=\"alignnone size-medium wp-image-39 aligncenter\" src=\"https:\/\/laparenthese-banon.com\/GITE\/wp-content\/uploads\/2017\/04\/Page_Cuisine_C-300x204.jpg\" alt=\"\" width=\"300\" height=\"204\" srcset=\"https:\/\/laparenthese-banon.com\/GITE\/wp-content\/uploads\/2017\/04\/Page_Cuisine_C-300x204.jpg 300w, https:\/\/laparenthese-banon.com\/GITE\/wp-content\/uploads\/2017\/04\/Page_Cuisine_C.jpg 420w\" sizes=\"(max-width: 300px) 100vw, 300px\" \/><\/p>\n<hr \/>\n<p>&nbsp;<\/p>\n","protected":false},"excerpt":{"rendered":"<p>Grande originalit\u00e9 de notre maison d&rsquo;h\u00f4tes, la cuisine en libre-service offre une solution conviviale, \u00e9conomique et confortable pour ceux qui veulent \u00e9viter de multiplier les repas au restaurant, d\u00eener en famille ou entre amis et prolonger la soir\u00e9e sur la&#8230; <\/p>\n","protected":false},"author":1,"featured_media":38,"parent":2,"menu_order":2,"comment_status":"closed","ping_status":"closed","template":"","meta":[],"yoast_head":"<!-- This site is optimized with the Yoast SEO plugin v19.8 - https:\/\/yoast.com\/wordpress\/plugins\/seo\/ -->\n<title>La cuisine \u00e0 partager<\/title>\n<meta name=\"description\" content=\"Grande originalit\u00e9 de notre maison d&#039;h\u00f4tes, la cuisine en libre-service offre une solution conviviale, \u00e9conomique et confortable pour ceux qui veulent\" \/>\n<meta name=\"robots\" content=\"index, follow, max-snippet:-1, max-image-preview:large, max-video-preview:-1\" \/>\n<link rel=\"canonical\" href=\"https:\/\/laparenthese-banon.com\/GITE\/la-maison-d-hotes\/cuisine-a-partager\/\" \/>\n<meta property=\"og:locale\" content=\"fr_FR\" \/>\n<meta property=\"og:type\" content=\"article\" \/>\n<meta property=\"og:title\" content=\"La cuisine \u00e0 partager\" \/>\n<meta property=\"og:description\" content=\"Grande originalit\u00e9 de notre maison d&#039;h\u00f4tes, la cuisine en libre-service offre une solution conviviale, \u00e9conomique et confortable pour ceux qui veulent\" \/>\n<meta property=\"og:url\" content=\"https:\/\/laparenthese-banon.com\/GITE\/la-maison-d-hotes\/cuisine-a-partager\/\" \/>\n<meta property=\"og:site_name\" content=\"La Parenth\u00e8se Banon\" \/>\n<meta property=\"article:modified_time\" content=\"2017-05-10T12:25:03+00:00\" \/>\n<meta property=\"og:image\" content=\"https:\/\/laparenthese-banon.com\/GITE\/wp-content\/uploads\/2017\/04\/Page_Cuisine_AL.jpg\" \/>\n\t<meta property=\"og:image:width\" content=\"1400\" \/>\n\t<meta property=\"og:image:height\" content=\"334\" \/>\n\t<meta property=\"og:image:type\" content=\"image\/jpeg\" \/>\n<meta name=\"twitter:card\" content=\"summary_large_image\" \/>\n<meta name=\"twitter:label1\" content=\"Dur\u00e9e de lecture estim\u00e9e\" \/>\n\t<meta name=\"twitter:data1\" content=\"2 minutes\" \/>\n<script type=\"application\/ld+json\" class=\"yoast-schema-graph\">{\"@context\":\"https:\/\/schema.org\",\"@graph\":[{\"@type\":\"WebPage\",\"@id\":\"https:\/\/laparenthese-banon.com\/GITE\/la-maison-d-hotes\/cuisine-a-partager\/\",\"url\":\"https:\/\/laparenthese-banon.com\/GITE\/la-maison-d-hotes\/cuisine-a-partager\/\",\"name\":\"La cuisine \u00e0 partager\",\"isPartOf\":{\"@id\":\"https:\/\/laparenthese-banon.com\/GITE\/#website\"},\"datePublished\":\"2017-04-06T14:36:22+00:00\",\"dateModified\":\"2017-05-10T12:25:03+00:00\",\"description\":\"Grande originalit\u00e9 de notre maison d'h\u00f4tes, la cuisine en libre-service offre une solution conviviale, \u00e9conomique et confortable pour ceux qui veulent\",\"breadcrumb\":{\"@id\":\"https:\/\/laparenthese-banon.com\/GITE\/la-maison-d-hotes\/cuisine-a-partager\/#breadcrumb\"},\"inLanguage\":\"fr-FR\",\"potentialAction\":[{\"@type\":\"ReadAction\",\"target\":[\"https:\/\/laparenthese-banon.com\/GITE\/la-maison-d-hotes\/cuisine-a-partager\/\"]}]},{\"@type\":\"BreadcrumbList\",\"@id\":\"https:\/\/laparenthese-banon.com\/GITE\/la-maison-d-hotes\/cuisine-a-partager\/#breadcrumb\",\"itemListElement\":[{\"@type\":\"ListItem\",\"position\":1,\"name\":\"Accueil\",\"item\":\"https:\/\/laparenthese-banon.com\/GITE\/\"},{\"@type\":\"ListItem\",\"position\":2,\"name\":\"La maison d&rsquo;h\u00f4tes\",\"item\":\"https:\/\/laparenthese-banon.com\/GITE\/la-maison-d-hotes\/\"},{\"@type\":\"ListItem\",\"position\":3,\"name\":\"La cuisine \u00e0 partager\"}]},{\"@type\":\"WebSite\",\"@id\":\"https:\/\/laparenthese-banon.com\/GITE\/#website\",\"url\":\"https:\/\/laparenthese-banon.com\/GITE\/\",\"name\":\"La Parenth\u00e8se Banon\",\"description\":\"Maison d&#039;H\u00f4tes et de Randonneurs en Haute-Provence\",\"potentialAction\":[{\"@type\":\"SearchAction\",\"target\":{\"@type\":\"EntryPoint\",\"urlTemplate\":\"https:\/\/laparenthese-banon.com\/GITE\/?s={search_term_string}\"},\"query-input\":\"required name=search_term_string\"}],\"inLanguage\":\"fr-FR\"}]}<\/script>\n<!-- \/ Yoast SEO plugin. -->","yoast_head_json":{"title":"La cuisine \u00e0 partager","description":"Grande originalit\u00e9 de notre maison d'h\u00f4tes, la cuisine en libre-service offre une solution conviviale, \u00e9conomique et confortable pour ceux qui veulent","robots":{"index":"index","follow":"follow","max-snippet":"max-snippet:-1","max-image-preview":"max-image-preview:large","max-video-preview":"max-video-preview:-1"},"canonical":"https:\/\/laparenthese-banon.com\/GITE\/la-maison-d-hotes\/cuisine-a-partager\/","og_locale":"fr_FR","og_type":"article","og_title":"La cuisine \u00e0 partager","og_description":"Grande originalit\u00e9 de notre maison d'h\u00f4tes, la cuisine en libre-service offre une solution conviviale, \u00e9conomique et confortable pour ceux qui veulent","og_url":"https:\/\/laparenthese-banon.com\/GITE\/la-maison-d-hotes\/cuisine-a-partager\/","og_site_name":"La Parenth\u00e8se Banon","article_modified_time":"2017-05-10T12:25:03+00:00","og_image":[{"width":1400,"height":334,"url":"https:\/\/laparenthese-banon.com\/GITE\/wp-content\/uploads\/2017\/04\/Page_Cuisine_AL.jpg","type":"image\/jpeg"}],"twitter_card":"summary_large_image","twitter_misc":{"Dur\u00e9e de lecture estim\u00e9e":"2 minutes"},"schema":{"@context":"https:\/\/schema.org","@graph":[{"@type":"WebPage","@id":"https:\/\/laparenthese-banon.com\/GITE\/la-maison-d-hotes\/cuisine-a-partager\/","url":"https:\/\/laparenthese-banon.com\/GITE\/la-maison-d-hotes\/cuisine-a-partager\/","name":"La cuisine \u00e0 partager","isPartOf":{"@id":"https:\/\/laparenthese-banon.com\/GITE\/#website"},"datePublished":"2017-04-06T14:36:22+00:00","dateModified":"2017-05-10T12:25:03+00:00","description":"Grande originalit\u00e9 de notre maison d'h\u00f4tes, la cuisine en libre-service offre une solution conviviale, \u00e9conomique et confortable pour ceux qui veulent","breadcrumb":{"@id":"https:\/\/laparenthese-banon.com\/GITE\/la-maison-d-hotes\/cuisine-a-partager\/#breadcrumb"},"inLanguage":"fr-FR","potentialAction":[{"@type":"ReadAction","target":["https:\/\/laparenthese-banon.com\/GITE\/la-maison-d-hotes\/cuisine-a-partager\/"]}]},{"@type":"BreadcrumbList","@id":"https:\/\/laparenthese-banon.com\/GITE\/la-maison-d-hotes\/cuisine-a-partager\/#breadcrumb","itemListElement":[{"@type":"ListItem","position":1,"name":"Accueil","item":"https:\/\/laparenthese-banon.com\/GITE\/"},{"@type":"ListItem","position":2,"name":"La maison d&rsquo;h\u00f4tes","item":"https:\/\/laparenthese-banon.com\/GITE\/la-maison-d-hotes\/"},{"@type":"ListItem","position":3,"name":"La cuisine \u00e0 partager"}]},{"@type":"WebSite","@id":"https:\/\/laparenthese-banon.com\/GITE\/#website","url":"https:\/\/laparenthese-banon.com\/GITE\/","name":"La Parenth\u00e8se Banon","description":"Maison d&#039;H\u00f4tes et de Randonneurs en Haute-Provence","potentialAction":[{"@type":"SearchAction","target":{"@type":"EntryPoint","urlTemplate":"https:\/\/laparenthese-banon.com\/GITE\/?s={search_term_string}"},"query-input":"required name=search_term_string"}],"inLanguage":"fr-FR"}]}},"_links":{"self":[{"href":"https:\/\/laparenthese-banon.com\/GITE\/wp-json\/wp\/v2\/pages\/37"}],"collection":[{"href":"https:\/\/laparenthese-banon.com\/GITE\/wp-json\/wp\/v2\/pages"}],"about":[{"href":"https:\/\/laparenthese-banon.com\/GITE\/wp-json\/wp\/v2\/types\/page"}],"author":[{"embeddable":true,"href":"https:\/\/laparenthese-banon.com\/GITE\/wp-json\/wp\/v2\/users\/1"}],"replies":[{"embeddable":true,"href":"https:\/\/laparenthese-banon.com\/GITE\/wp-json\/wp\/v2\/comments?post=37"}],"version-history":[{"count":3,"href":"https:\/\/laparenthese-banon.com\/GITE\/wp-json\/wp\/v2\/pages\/37\/revisions"}],"predecessor-version":[{"id":495,"href":"https:\/\/laparenthese-banon.com\/GITE\/wp-json\/wp\/v2\/pages\/37\/revisions\/495"}],"up":[{"embeddable":true,"href":"https:\/\/laparenthese-banon.com\/GITE\/wp-json\/wp\/v2\/pages\/2"}],"wp:featuredmedia":[{"embeddable":true,"href":"https:\/\/laparenthese-banon.com\/GITE\/wp-json\/wp\/v2\/media\/38"}],"wp:attachment":[{"href":"https:\/\/laparenthese-banon.com\/GITE\/wp-json\/wp\/v2\/media?parent=37"}],"curies":[{"name":"wp","href":"https:\/\/api.w.org\/{rel}","templated":true}]}}