{"id":464,"date":"2017-05-09T18:33:57","date_gmt":"2017-05-09T16:33:57","guid":{"rendered":"http:\/\/laparenthese-banon.com\/GITE\/?page_id=464"},"modified":"2019-04-25T20:17:49","modified_gmt":"2019-04-25T18:17:49","slug":"livre-d-or","status":"publish","type":"page","link":"https:\/\/laparenthese-banon.com\/GITE\/contact\/livre-d-or\/","title":{"rendered":"Livre d&rsquo;OR"},"content":{"rendered":"\n<blockquote class=\"wp-block-quote\"><p>Cette page est d\u00e9di\u00e9e aux t\u00e9moignages, commentaires, avis et suggestions de nos clients.<\/p><p><span style=\"color: #003300;\">Sans oublier, tr\u00e8s modestement, les propos de\u00a0Michel de Montaigne (1533-1592) Les ESSAIS, Livre 3 \u00a7II<\/span><br><span style=\"color: #003300;\"><em><strong>\u00ab\u00a0La plus s\u00fbre fa\u00e7on d&rsquo;arriver \u00e0 la gloire, ce serait de faire par conscience ce que nous faisons pour la gloire.\u00a0\u00bb<\/strong><\/em><\/span><\/p><p>\u21d2 <a href=\"#AVIS-DIRECT\">D\u00e9poser ou consulter les avis et commentaires sur notre LIVRE d&rsquo;OR &#8230;<\/a><br>\u21d2 <a href=\"#AVIS-BOOKING\">La note et les avis Booking.com &#8230;<\/a><br>\u21d2 <a href=\"#AVIS-TRIP\">Les avis et commentaires sur TripAdvisor &#8230;<\/a><\/p><p><br>\u21d2 <a href=\"#GUIDETOUR\">Le r\u00e9f\u00e9rencement des guides touristiques &#8230;<\/a> <\/p><cite>Avis des clients et R\u00e9f\u00e9rencement des guides touristiques<\/cite><\/blockquote>\n\n\n\n<p><a name=\"AVIS-BOOKING\"><\/a><\/p>\n\n\n\n<h3>Commentaires&nbsp;<strong>Booking.com<\/strong><\/h3>\n\n\n\n<blockquote><p>Nous sommes honor\u00e9s de recevoir les t\u00e9moignages \u00e9logieux et enthousiastes de la part de nos clients.<\/p><figure><a href=\"https:\/\/www.booking.com\/hotel\/fr\/la-parenthese-banon.fr.html#tab-reviews\" target=\"_blank\" rel=\"noopener noreferrer\"><img loading=\"lazy\" class=\"alignleft wp-image-1022 size-medium\" src=\"https:\/\/laparenthese-banon.com\/GITE\/wp-content\/uploads\/2017\/04\/social_media-300x300.png\" alt=\"\" width=\"300\" height=\"300\" srcset=\"https:\/\/laparenthese-banon.com\/GITE\/wp-content\/uploads\/2017\/04\/social_media-300x300.png 300w, https:\/\/laparenthese-banon.com\/GITE\/wp-content\/uploads\/2017\/04\/social_media-150x150.png 150w, https:\/\/laparenthese-banon.com\/GITE\/wp-content\/uploads\/2017\/04\/social_media.png 600w\" sizes=\"(max-width: 300px) 100vw, 300px\" \/><\/a><\/figure><p>Cliquez sur l&rsquo;image ci-dessous pour acc\u00e9der aux commentaires :<\/p><\/blockquote>\n\n\n\n<div class=\"wp-block-image\"><figure class=\"aligncenter\"><a href=\"https:\/\/www.booking.com\/hotel\/fr\/la-parenthese-banon.fr.html#tab-reviews\" target=\"_blank\" rel=\"noopener noreferrer\"><img loading=\"lazy\" width=\"625\" height=\"408\" src=\"http:\/\/laparenthese-banon.com\/GITE\/wp-content\/uploads\/2019\/02\/NoteBooking_2018.jpg\" alt=\"\" class=\"wp-image-1020\" srcset=\"https:\/\/laparenthese-banon.com\/GITE\/wp-content\/uploads\/2019\/02\/NoteBooking_2018.jpg 625w, https:\/\/laparenthese-banon.com\/GITE\/wp-content\/uploads\/2019\/02\/NoteBooking_2018-300x196.jpg 300w\" sizes=\"(max-width: 625px) 100vw, 625px\" \/><\/a><\/figure><\/div>\n\n\n\n<pre class=\"wp-block-preformatted\"><strong><span style=\"color: #730011;\">La Parenth\u00e8se Banon remercie ses clients pour les chaleureux t\u00e9moignages de satisfaction qu'ils ont exprim\u00e9s via les commentaires r\u00e9dig\u00e9s sur le site Booking.com\n<\/span><\/strong><\/pre>\n\n\n\n<p><a name=\"AVIS-TRIP\"><\/a><\/p>\n\n\n\n<div style=\"height:42px\" aria-hidden=\"true\" class=\"wp-block-spacer\"><\/div>\n\n\n\n<h3>Commentaires <strong>TripAdvisor<\/strong><\/h3>\n\n\n\n<blockquote><p>Cliquez sur l&rsquo;image ci-dessous pour acc\u00e9der aux commentaires :<\/p><figure><a href=\"https:\/\/www.tripadvisor.fr\/Hotel_Review-g2359785-d6818558-Reviews-La_Parenthese_Banon-Banon_Alpes_de_Haute_Provence_Provence_Alpes_Cote_d_Azur.html\" target=\"_blank\" rel=\"noopener noreferrer\"><img loading=\"lazy\" class=\"alignnone wp-image-477 size-full\" src=\"http:\/\/laparenthese-banon.com\/GITE\/wp-content\/uploads\/2017\/05\/Page_Avis_TripAdvisor-A.jpg\" alt=\"\" width=\"426\" height=\"59\" srcset=\"https:\/\/laparenthese-banon.com\/GITE\/wp-content\/uploads\/2017\/05\/Page_Avis_TripAdvisor-A.jpg 426w, https:\/\/laparenthese-banon.com\/GITE\/wp-content\/uploads\/2017\/05\/Page_Avis_TripAdvisor-A-300x42.jpg 300w\" sizes=\"(max-width: 426px) 100vw, 426px\" \/><\/a><\/figure><p><br>Donnez directement ICI un avis :<\/p><\/blockquote>\n\n\n\n<div id=\"TA_cdswritereviewnew618\" class=\"TA_cdswritereviewnew\">\n<ul id=\"86CuXW6vU\" class=\"TA_links DTwMuBDGGyy\">\n<li id=\"PEZ0ENqc\" class=\"xNuwu7\"><figure><a href=\"https:\/\/www.tripadvisor.fr\/\" target=\"_blank\" rel=\"noopener noreferrer\"><img src=\"https:\/\/www.tripadvisor.fr\/img\/cdsi\/img2\/branding\/medium-logo-29834-2.png\" alt=\"TripAdvisor\"><\/a><\/figure><\/li>\n<\/ul>\n<\/div>\n\n\n\n<p><script src=\"https:\/\/www.jscache.com\/wejs?wtype=cdswritereviewnew&amp;uniq=618&amp;locationId=6818558&amp;lang=fr&amp;lang=fr&amp;display_version=2\"><\/script><\/p>\n\n\n\n<pre class=\"wp-block-preformatted\"><strong><span style=\"color: #730011;\">La Parenth\u00e8se Banon est fi\u00e8re d'afficher une note maximum gr\u00e2ce aux bonnes appr\u00e9ciations d\u00e9pos\u00e9es par ses clients.\n<\/span><\/strong><\/pre>\n\n\n\n<hr class=\"wp-block-separator\"\/>\n\n\n\n<div style=\"height:42px\" aria-hidden=\"true\" class=\"wp-block-spacer\"><\/div>\n\n\n\n<h2 id=\"GUIDETOUR\">Les guides touristiques<\/h2>\n\n\n\n<blockquote class=\"wp-block-quote\"><p>La Parenth\u00e8se est r\u00e9f\u00e9renc\u00e9e par deux guides touristiques.<\/p><p><\/p><cite>Guide \u00ab\u00a0lonely planet\u00a0\u00bb &#8211; Guide \u00ab\u00a0Le petit fut\u00e9\u00a0\u00bb<\/cite><\/blockquote>\n\n\n\n<h3>lonely planet<\/h3>\n\n\n\n<figure class=\"wp-block-image\"><img loading=\"lazy\" width=\"210\" height=\"99\" src=\"https:\/\/laparenthese-banon.com\/GITE\/wp-content\/uploads\/2019\/04\/LonelyPlanet_logo.jpg\" alt=\"\" class=\"wp-image-1123\"\/><\/figure>\n\n\n\n<p><a name=\"AVIS-DIRECT\" class=\"mce-item-anchor\"><\/a>Depuis la deuxi\u00e8me \u00e9dition du guide \u00ab\u00a0PROVENCE\u00a0\u00bb de \u00ab\u00a0<strong><em>lonely planet<\/em><\/strong>\u00a0\u00bb La Parenth\u00e8se est r\u00e9f\u00e9renc\u00e9e \u00e0 la rubrique \u00ab\u00a0<em>o\u00f9 se loger<\/em>\u00a0\u00bb pour le village de Banon.<\/p>\n\n\n\n<figure class=\"wp-block-pullquote is-style-clo\"><blockquote class=\"has-text-color has-vivid-cyan-blue-color\"><p>\u00a0\u00bb A l&rsquo;entr\u00e9e du village, cette maison d&rsquo;h\u00f4te propose de belles chambres contemporaines et confortables avec, pour les familles, des espaces tr\u00e8s adapt\u00e9s.<\/p><p>Cuisine \u00e0 disposition, sauna et joli petit jardin ouvert sur le paysage.<\/p><p>Bon rapport qualit\u00e9\/prix.\u00a0\u00bb<\/p><cite>Guide <em>lonely planet<\/em> <strong>PROVENCE<\/strong>, \u00e9dition 2018, page 277.<\/cite><\/blockquote><\/figure>\n\n\n\n<div style=\"height:42px\" aria-hidden=\"true\" class=\"wp-block-spacer\"><\/div>\n\n\n\n<h3>Le petit fut\u00e9<\/h3>\n\n\n\n<figure class=\"wp-block-image\"><img loading=\"lazy\" width=\"138\" height=\"55\" src=\"https:\/\/laparenthese-banon.com\/GITE\/wp-content\/uploads\/2019\/04\/PetitFute_logo.jpg\" alt=\"\" class=\"wp-image-1121\"\/><\/figure>\n\n\n\n<p> La Parenth\u00e8se Banon est r\u00e9f\u00e9renc\u00e9e par le guide \u00ab\u00a0Le Petit Fut\u00e9\u00a0\u00bb \u00e0 la rubrique : Guide de voyage \/ FranceProvence-Alpes-C\u00f4te d&rsquo;Azur \/ Alpes-de-Haute-Provence \/ Banon \/ H\u00e9bergement \/ G\u00eete \/ LA PARENTH\u00c8SE<\/p>\n\n\n\n<blockquote class=\"wp-block-quote\"><p><a href=\"https:\/\/www.petitfute.com\/v32742-banon-04150\/c1166-hebergement\/c153-gite\/1726053-la-parenthese.html\">Lien sur le site du Petit Fut\u00e9 : ICI.<\/a><\/p><cite>Recherche sur le site : ADRESSES FUT\u00c9ES -> BANON + SE LOGER<\/cite><\/blockquote>\n\n\n\n<p>La maison d&rsquo;h\u00f4tes est sous la rubrique \u00ab\u00a0g\u00eete\u00a0\u00bb du fait de la cuisine en libre service.<\/p>\n\n\n\n<hr class=\"wp-block-separator is-style-wide\"\/>\n","protected":false},"excerpt":{"rendered":"<p>Cette page est d\u00e9di\u00e9e aux t\u00e9moignages, commentaires, avis et suggestions de nos clients. Sans oublier, tr\u00e8s modestement, les propos de\u00a0Michel de Montaigne (1533-1592) Les ESSAIS, Livre 3 \u00a7II\u00ab\u00a0La plus s\u00fbre fa\u00e7on d&rsquo;arriver \u00e0 la gloire, ce serait de faire par&#8230; <\/p>\n","protected":false},"author":1,"featured_media":486,"parent":282,"menu_order":1,"comment_status":"open","ping_status":"closed","template":"","meta":[],"yoast_head":"<!-- This site is optimized with the Yoast SEO plugin v19.8 - https:\/\/yoast.com\/wordpress\/plugins\/seo\/ -->\n<title>Livre d&#039;OR<\/title>\n<meta name=\"description\" content=\"Cette page est d\u00e9di\u00e9e aux t\u00e9moignages, commentaires, avis et suggestions de nos clients.Sans oublier, tr\u00e8s modestement, les propos de\u00a0Michel de Montaigne\" \/>\n<meta name=\"robots\" content=\"index, follow, max-snippet:-1, max-image-preview:large, max-video-preview:-1\" \/>\n<link rel=\"canonical\" href=\"https:\/\/laparenthese-banon.com\/GITE\/contact\/livre-d-or\/\" \/>\n<meta property=\"og:locale\" content=\"fr_FR\" \/>\n<meta property=\"og:type\" content=\"article\" \/>\n<meta property=\"og:title\" content=\"Livre d&#039;OR\" \/>\n<meta property=\"og:description\" content=\"Cette page est d\u00e9di\u00e9e aux t\u00e9moignages, commentaires, avis et suggestions de nos clients.Sans oublier, tr\u00e8s modestement, les propos de\u00a0Michel de Montaigne\" \/>\n<meta property=\"og:url\" content=\"https:\/\/laparenthese-banon.com\/GITE\/contact\/livre-d-or\/\" \/>\n<meta property=\"og:site_name\" content=\"La Parenth\u00e8se Banon\" \/>\n<meta property=\"article:modified_time\" content=\"2019-04-25T18:17:49+00:00\" \/>\n<meta property=\"og:image\" content=\"https:\/\/laparenthese-banon.com\/GITE\/wp-content\/uploads\/2017\/05\/Entete_Temoignages.jpg\" \/>\n\t<meta property=\"og:image:width\" content=\"1400\" \/>\n\t<meta property=\"og:image:height\" content=\"334\" \/>\n\t<meta property=\"og:image:type\" content=\"image\/jpeg\" \/>\n<meta name=\"twitter:card\" content=\"summary_large_image\" \/>\n<meta name=\"twitter:label1\" content=\"Dur\u00e9e de lecture estim\u00e9e\" \/>\n\t<meta name=\"twitter:data1\" content=\"2 minutes\" \/>\n<script type=\"application\/ld+json\" class=\"yoast-schema-graph\">{\"@context\":\"https:\/\/schema.org\",\"@graph\":[{\"@type\":\"WebPage\",\"@id\":\"https:\/\/laparenthese-banon.com\/GITE\/contact\/livre-d-or\/\",\"url\":\"https:\/\/laparenthese-banon.com\/GITE\/contact\/livre-d-or\/\",\"name\":\"Livre d'OR\",\"isPartOf\":{\"@id\":\"https:\/\/laparenthese-banon.com\/GITE\/#website\"},\"datePublished\":\"2017-05-09T16:33:57+00:00\",\"dateModified\":\"2019-04-25T18:17:49+00:00\",\"description\":\"Cette page est d\u00e9di\u00e9e aux t\u00e9moignages, commentaires, avis et suggestions de nos clients.Sans oublier, tr\u00e8s modestement, les propos de\u00a0Michel de Montaigne\",\"breadcrumb\":{\"@id\":\"https:\/\/laparenthese-banon.com\/GITE\/contact\/livre-d-or\/#breadcrumb\"},\"inLanguage\":\"fr-FR\",\"potentialAction\":[{\"@type\":\"ReadAction\",\"target\":[\"https:\/\/laparenthese-banon.com\/GITE\/contact\/livre-d-or\/\"]}]},{\"@type\":\"BreadcrumbList\",\"@id\":\"https:\/\/laparenthese-banon.com\/GITE\/contact\/livre-d-or\/#breadcrumb\",\"itemListElement\":[{\"@type\":\"ListItem\",\"position\":1,\"name\":\"Accueil\",\"item\":\"https:\/\/laparenthese-banon.com\/GITE\/\"},{\"@type\":\"ListItem\",\"position\":2,\"name\":\"Contact\",\"item\":\"https:\/\/laparenthese-banon.com\/GITE\/contact\/\"},{\"@type\":\"ListItem\",\"position\":3,\"name\":\"Livre d&rsquo;OR\"}]},{\"@type\":\"WebSite\",\"@id\":\"https:\/\/laparenthese-banon.com\/GITE\/#website\",\"url\":\"https:\/\/laparenthese-banon.com\/GITE\/\",\"name\":\"La Parenth\u00e8se Banon\",\"description\":\"Maison d&#039;H\u00f4tes et de Randonneurs en Haute-Provence\",\"potentialAction\":[{\"@type\":\"SearchAction\",\"target\":{\"@type\":\"EntryPoint\",\"urlTemplate\":\"https:\/\/laparenthese-banon.com\/GITE\/?s={search_term_string}\"},\"query-input\":\"required name=search_term_string\"}],\"inLanguage\":\"fr-FR\"}]}<\/script>\n<!-- \/ Yoast SEO plugin. -->","yoast_head_json":{"title":"Livre d'OR","description":"Cette page est d\u00e9di\u00e9e aux t\u00e9moignages, commentaires, avis et suggestions de nos clients.Sans oublier, tr\u00e8s modestement, les propos de\u00a0Michel de Montaigne","robots":{"index":"index","follow":"follow","max-snippet":"max-snippet:-1","max-image-preview":"max-image-preview:large","max-video-preview":"max-video-preview:-1"},"canonical":"https:\/\/laparenthese-banon.com\/GITE\/contact\/livre-d-or\/","og_locale":"fr_FR","og_type":"article","og_title":"Livre d'OR","og_description":"Cette page est d\u00e9di\u00e9e aux t\u00e9moignages, commentaires, avis et suggestions de nos clients.Sans oublier, tr\u00e8s modestement, les propos de\u00a0Michel de Montaigne","og_url":"https:\/\/laparenthese-banon.com\/GITE\/contact\/livre-d-or\/","og_site_name":"La Parenth\u00e8se Banon","article_modified_time":"2019-04-25T18:17:49+00:00","og_image":[{"width":1400,"height":334,"url":"https:\/\/laparenthese-banon.com\/GITE\/wp-content\/uploads\/2017\/05\/Entete_Temoignages.jpg","type":"image\/jpeg"}],"twitter_card":"summary_large_image","twitter_misc":{"Dur\u00e9e de lecture estim\u00e9e":"2 minutes"},"schema":{"@context":"https:\/\/schema.org","@graph":[{"@type":"WebPage","@id":"https:\/\/laparenthese-banon.com\/GITE\/contact\/livre-d-or\/","url":"https:\/\/laparenthese-banon.com\/GITE\/contact\/livre-d-or\/","name":"Livre d'OR","isPartOf":{"@id":"https:\/\/laparenthese-banon.com\/GITE\/#website"},"datePublished":"2017-05-09T16:33:57+00:00","dateModified":"2019-04-25T18:17:49+00:00","description":"Cette page est d\u00e9di\u00e9e aux t\u00e9moignages, commentaires, avis et suggestions de nos clients.Sans oublier, tr\u00e8s modestement, les propos de\u00a0Michel de Montaigne","breadcrumb":{"@id":"https:\/\/laparenthese-banon.com\/GITE\/contact\/livre-d-or\/#breadcrumb"},"inLanguage":"fr-FR","potentialAction":[{"@type":"ReadAction","target":["https:\/\/laparenthese-banon.com\/GITE\/contact\/livre-d-or\/"]}]},{"@type":"BreadcrumbList","@id":"https:\/\/laparenthese-banon.com\/GITE\/contact\/livre-d-or\/#breadcrumb","itemListElement":[{"@type":"ListItem","position":1,"name":"Accueil","item":"https:\/\/laparenthese-banon.com\/GITE\/"},{"@type":"ListItem","position":2,"name":"Contact","item":"https:\/\/laparenthese-banon.com\/GITE\/contact\/"},{"@type":"ListItem","position":3,"name":"Livre d&rsquo;OR"}]},{"@type":"WebSite","@id":"https:\/\/laparenthese-banon.com\/GITE\/#website","url":"https:\/\/laparenthese-banon.com\/GITE\/","name":"La Parenth\u00e8se Banon","description":"Maison d&#039;H\u00f4tes et de Randonneurs en Haute-Provence","potentialAction":[{"@type":"SearchAction","target":{"@type":"EntryPoint","urlTemplate":"https:\/\/laparenthese-banon.com\/GITE\/?s={search_term_string}"},"query-input":"required name=search_term_string"}],"inLanguage":"fr-FR"}]}},"_links":{"self":[{"href":"https:\/\/laparenthese-banon.com\/GITE\/wp-json\/wp\/v2\/pages\/464"}],"collection":[{"href":"https:\/\/laparenthese-banon.com\/GITE\/wp-json\/wp\/v2\/pages"}],"about":[{"href":"https:\/\/laparenthese-banon.com\/GITE\/wp-json\/wp\/v2\/types\/page"}],"author":[{"embeddable":true,"href":"https:\/\/laparenthese-banon.com\/GITE\/wp-json\/wp\/v2\/users\/1"}],"replies":[{"embeddable":true,"href":"https:\/\/laparenthese-banon.com\/GITE\/wp-json\/wp\/v2\/comments?post=464"}],"version-history":[{"count":47,"href":"https:\/\/laparenthese-banon.com\/GITE\/wp-json\/wp\/v2\/pages\/464\/revisions"}],"predecessor-version":[{"id":1128,"href":"https:\/\/laparenthese-banon.com\/GITE\/wp-json\/wp\/v2\/pages\/464\/revisions\/1128"}],"up":[{"embeddable":true,"href":"https:\/\/laparenthese-banon.com\/GITE\/wp-json\/wp\/v2\/pages\/282"}],"wp:featuredmedia":[{"embeddable":true,"href":"https:\/\/laparenthese-banon.com\/GITE\/wp-json\/wp\/v2\/media\/486"}],"wp:attachment":[{"href":"https:\/\/laparenthese-banon.com\/GITE\/wp-json\/wp\/v2\/media?parent=464"}],"curies":[{"name":"wp","href":"https:\/\/api.w.org\/{rel}","templated":true}]}}